 
 {"id":121,"date":"2012-10-15T15:07:54","date_gmt":"2012-10-15T14:07:54","guid":{"rendered":"http:\/\/atelierclermontfilmfest.wordpress.com\/?page_id=121"},"modified":"2021-03-24T21:26:58","modified_gmt":"2021-03-24T20:26:58","slug":"ecole-estienne","status":"publish","type":"page","link":"https:\/\/atelier-filmfest.com\/archives\/archives-2\/2012-2\/ecole-estienne\/","title":{"rendered":"Ecole Estienne"},"content":{"rendered":"<p><a href=\"http:\/\/atelierclermontfilmfest.files.wordpress.com\/2012\/10\/ecole-estienne.jpg\"><img decoding=\"async\" loading=\"lazy\" class=\"alignleft  wp-image-372\" title=\"Ecole Estienne\" alt=\"\" src=\"http:\/\/atelierclermontfilmfest.files.wordpress.com\/2012\/10\/ecole-estienne.jpg?w=300\" height=\"113\" width=\"180\" \/><\/a>L\u2019\u00c9cole Estienne propose de cr\u00e9er une collection en ligne comme outil p\u00e9dagogique de l&rsquo;enseignement des langages audiovisuels, en collaboration avec des \u00e9tudiants en premi\u00e8re ann\u00e9e de BTS communication visuelle option multim\u00e9dia.<\/p>\n<p>Le principe est d\u2019analyser des films remarqu\u00e9s et\/ou prim\u00e9s au Festival international du court m\u00e9trage de Clermont-Ferrand. Les \u00e9tudiants vont rencontrer les r\u00e9alisateurs et auteurs de ces diff\u00e9rentes \u0153uvres, les analyser et en d\u00e9gager des probl\u00e9matiques de l\u2019\u00e9criture audiovisuelle et cin\u00e9matographique.<\/p>\n<p>De l&rsquo;id\u00e9e \u00e0 l&rsquo;\u00e9criture, de la distribution au jeu d&rsquo;acteurs, des rep\u00e9rages aux imp\u00e9ratifs du tournage, du choix de la focale, du cadrage, de la prise de son, tout sera montr\u00e9 et analys\u00e9. Ainsi, les apprenants vont-ils d\u00e9couvrir toutes les \u00e9tapes de la conception et de la r\u00e9alisation d\u2019un film, du g\u00e9n\u00e9rique au mot \u00ab Fin \u00bb.<\/p>\n<p>Et ce projet vise en priorit\u00e9 les premi\u00e8res ann\u00e9es sur deux ans.<\/p>\n<p><b>Contact\u00a0: <\/b><\/p>\n<p><b>\u00c9cole Estienne <\/b><\/p>\n<p><b>18 boulevard Auguste Blanqui<\/b><\/p>\n<p><b>75013 Paris<\/b><\/p>\n<p><b>Tel\u00a0: 01 55 43 47 47 <\/b><\/p>\n<p><b>http:\/\/www.ecole-estienne.fr\/<\/b><\/p>\n","protected":false},"excerpt":{"rendered":"<p>L\u2019\u00c9cole Estienne propose de cr\u00e9er une collection en ligne comme outil p\u00e9dagogique de l&rsquo;enseignement des langages audiovisuels, en collaboration avec des \u00e9tudiants en premi\u00e8re ann\u00e9e de BTS communication visuelle option multim\u00e9dia. Le principe est d\u2019analyser des films remarqu\u00e9s et\/ou prim\u00e9s au Festival international du court m\u00e9trage de Clermont-Ferrand. Les \u00e9tudiants&#8230;<\/p>\n<p><a class='more-link' href='https:\/\/atelier-filmfest.com\/archives\/archives-2\/2012-2\/ecole-estienne\/'><span class='screen-reader-text'>Ecole Estienne<\/span><\/a><\/p>","protected":false},"author":3,"featured_media":0,"parent":619,"menu_order":0,"comment_status":"closed","ping_status":"closed","template":"","meta":[],"_links":{"self":[{"href":"https:\/\/atelier-filmfest.com\/archives\/wp-json\/wp\/v2\/pages\/121"}],"collection":[{"href":"https:\/\/atelier-filmfest.com\/archives\/wp-json\/wp\/v2\/pages"}],"about":[{"href":"https:\/\/atelier-filmfest.com\/archives\/wp-json\/wp\/v2\/types\/page"}],"author":[{"embeddable":true,"href":"https:\/\/atelier-filmfest.com\/archives\/wp-json\/wp\/v2\/users\/3"}],"replies":[{"embeddable":true,"href":"https:\/\/atelier-filmfest.com\/archives\/wp-json\/wp\/v2\/comments?post=121"}],"version-history":[{"count":1,"href":"https:\/\/atelier-filmfest.com\/archives\/wp-json\/wp\/v2\/pages\/121\/revisions"}],"predecessor-version":[{"id":6063,"href":"https:\/\/atelier-filmfest.com\/archives\/wp-json\/wp\/v2\/pages\/121\/revisions\/6063"}],"up":[{"embeddable":true,"href":"https:\/\/atelier-filmfest.com\/archives\/wp-json\/wp\/v2\/pages\/619"}],"wp:attachment":[{"href":"https:\/\/atelier-filmfest.com\/archives\/wp-json\/wp\/v2\/media?parent=121"}],"curies":[{"name":"wp","href":"https:\/\/api.w.org\/{rel}","templated":true}]}}

<p><a href="http://atelierclermontfilmfest.files.wordpress.com/2012/10/ecole-estienne.jpg"><img decoding="async" loading="lazy" class="alignleft  wp-image-372" title="Ecole Estienne" alt="" src="http://atelierclermontfilmfest.files.wordpress.com/2012/10/ecole-estienne.jpg?w=300" height="113" width="180" /></a>L’École Estienne propose de créer une collection en ligne comme outil pédagogique de l&rsquo;enseignement des langages audiovisuels, en collaboration avec des étudiants en première année de BTS communication visuelle option multimédia.</p>
<p>Le principe est d’analyser des films remarqués et/ou primés au Festival international du court métrage de Clermont-Ferrand. Les étudiants vont rencontrer les réalisateurs et auteurs de ces différentes œuvres, les analyser et en dégager des problématiques de l’écriture audiovisuelle et cinématographique.</p>
<p>De l&rsquo;idée à l&rsquo;écriture, de la distribution au jeu d&rsquo;acteurs, des repérages aux impératifs du tournage, du choix de la focale, du cadrage, de la prise de son, tout sera montré et analysé. Ainsi, les apprenants vont-ils découvrir toutes les étapes de la conception et de la réalisation d’un film, du générique au mot « Fin ».</p>
<p>Et ce projet vise en priorité les premières années sur deux ans.</p>
<p><b>Contact : </b></p>
<p><b>École Estienne </b></p>
<p><b>18 boulevard Auguste Blanqui</b></p>
<p><b>75013 Paris</b></p>
<p><b>Tel : 01 55 43 47 47 </b></p>
<p><b>http://www.ecole-estienne.fr/</b></p>

<p>L’École Estienne propose de créer une collection en ligne comme outil pédagogique de l&rsquo;enseignement des langages audiovisuels, en collaboration avec des étudiants en première année de BTS communication visuelle option multimédia. Le principe est d’analyser des films remarqués et/ou primés au Festival international du court métrage de Clermont-Ferrand. Les étudiants&#8230;</p>
<p><a class='more-link' href='https://atelier-filmfest.com/archives/archives-2/2012-2/ecole-estienne/'><span class='screen-reader-text'>Ecole Estienne</span></a></p>
