 
 {"id":125,"date":"2012-10-15T15:09:06","date_gmt":"2012-10-15T13:09:06","guid":{"rendered":"http:\/\/atelierclermontfilmfest.wordpress.com\/?page_id=125"},"modified":"2021-03-24T21:26:58","modified_gmt":"2021-03-24T20:26:58","slug":"ens-louis-lumiere-2015","status":"publish","type":"page","link":"https:\/\/atelier-filmfest.com\/archives\/ens-louis-lumiere-2015\/","title":{"rendered":"ENS Louis-Lumi\u00e8re"},"content":{"rendered":"<p><strong><i><a href=\"http:\/\/ns203004.ovh.net\/%7Eatelfilm\/wp-content\/uploads\/2013\/02\/Tournage-12.jpg\"><img decoding=\"async\" loading=\"lazy\" class=\"aligncenter size-full wp-image-2034\" alt=\"Tournage 12\" src=\"http:\/\/ns203004.ovh.net\/%7Eatelfilm\/wp-content\/uploads\/2013\/02\/Tournage-12.jpg\" width=\"640\" height=\"427\" srcset=\"https:\/\/atelier-filmfest.com\/archives\/wp-content\/uploads\/2013\/02\/Tournage-12.jpg 640w, https:\/\/atelier-filmfest.com\/archives\/wp-content\/uploads\/2013\/02\/Tournage-12-300x200.jpg 300w, https:\/\/atelier-filmfest.com\/archives\/wp-content\/uploads\/2013\/02\/Tournage-12-524x350.jpg 524w\" sizes=\"(max-width: 640px) 100vw, 640px\" \/><\/a>Il \u00e9tait une fois\u2026<\/i> le relief, avec l\u2019Ecole nationale sup\u00e9rieure Louis-Lumi\u00e8re\u00a0: assistez \u00e0 un tournage avec une projection relief en direct.<\/strong><\/p>\n<p style=\"text-align: justify;\">\u00a0Vous d\u00e9couvrirez comment on cr\u00e9e une image en relief, comment travaille le st\u00e9r\u00e9ographe ou comment fonctionne du mat\u00e9riel de prise de vues 3D (rigs motion control, cam\u00e9ras, moniteurs et logiciels de visualisation et correction du relief).<\/p>\n<p style=\"text-align: justify;\">Vous appr\u00e9cierez \u00e9galement le travail du r\u00e9alisateur, du directeur de la photo, de l\u2019ing\u00e9nieur du son\u00a0et de tous les autres postes techniques.<\/p>\n<p style=\"text-align: justify;\">Nos \u00e9tudiants en deuxi\u00e8me ann\u00e9e s\u2019efforceront chaque jour de r\u00e9aliser en 3D des sc\u00e8nes du film \u00ab\u00a0Frankenstein Junior\u00a0\u00bb (R\u00e9alisation : Mel Brooks, directeur de la photographie, Gerald Hirschfeld, ASC,1974). Vous les regarderez travailler et visualiserez en direct le r\u00e9sultat de leurs travaux, gr\u00e2ce aux lunettes qui vous seront pr\u00eat\u00e9es.<\/p>\n<p style=\"text-align: justify;\">Les membres de la direction et des \u00e9quipes p\u00e9dagogiques de l\u2019ENS Louis-Lumi\u00e8re seront pr\u00e9sents pour vous accueillir et vous donner les explications n\u00e9cessaires.<\/p>\n<p style=\"text-align: justify;\">Le d\u00e9cor est fabriqu\u00e9 par les \u00e9l\u00e8ves de l\u2019Ecole d\u2019architecture, les acteurs \u00e9tudient au Conservatoire de Clermont-Ferrand.<\/p>\n<p style=\"text-align: justify;\">Pour voir toutes les photos du tournage c&rsquo;est <a title=\"Tournage 2013\" href=\"http:\/\/ns203004.ovh.net\/%7Eatelfilm\/?page_id=2014\">ici<\/a>.<\/p>\n<!-- Rendered by FancyBox without labels BEGIN -->\n\n\t<style type=\"text\/css\">\n\t\t\t\t\t#gallery-0 {\n\t\t\t\t\t\tmargin: auto;\n\t\t\t\t\t}\n\t\t\t\t\t#gallery-0 .gallery-item {\n\t\t\t\t\t\tfloat: left;\n\t\t\t\t\t\tmargin-top: 10px;\n\t\t\t\t\t\ttext-align: center;\n\t\t\t\t\t\twidth: 32%;\n\t\t\t\t\t}\n\t\t\t\t\t#gallery-0 img {\n\t\t\t\t\t\tborder: 2px solid #cfcfcf;\n\t\t\t\t\t}\n\t\t\t\t\t#gallery-0 .gallery-caption {\n\t\t\t\t\t\tmargin-left: 0;\n\t\t\t\t\t}\n\t<\/style>\n<script type=\"text\/javascript\">\n$(document).ready(function() {\n\t\/*\n\t *  Simple image gallery. Uses default settings\n\t *\/\n\n\t$(\".fancybox\").fancybox({\n\t\t\"transitionIn\"\t\t: \"none\",\n\t\t\"transitionOut\"\t\t: \"none\",\n\t\t\"titlePosition\" \t: \"over\"\n\n\t});\n});\n<\/script>\n\n\t<div id=\"gallery-0\" class=\"gallery galleryid-0 gallery-size-thumbnail\" style=\"\"><dl class=\"gallery-item\"><dt class=\"gallery-icon\">\n\t\t<a class=\"fancybox\" href=\"https:\/\/atelier-filmfest.com\/archives\/wp-content\/uploads\/2012\/10\/Tournage-2.jpeg\" rel=\"gallery-0\"><img width=\"150\" height=\"150\" class=\"attachment-thumbnail\" alt=\"\" src=\"https:\/\/atelier-filmfest.com\/archives\/wp-content\/uploads\/2012\/10\/Tournage-2-150x150.jpeg\" \/><\/a><\/dt><\/dl>\n\n<dl class=\"gallery-item\"><dt class=\"gallery-icon\">\n\t\t<a class=\"fancybox\" href=\"https:\/\/atelier-filmfest.com\/archives\/wp-content\/uploads\/2012\/10\/Tournage-18.jpg\" rel=\"gallery-0\"><img width=\"150\" height=\"150\" class=\"attachment-thumbnail\" alt=\"\" src=\"https:\/\/atelier-filmfest.com\/archives\/wp-content\/uploads\/2012\/10\/Tournage-18-150x150.jpg\" \/><\/a><\/dt><\/dl>\n\n<dl class=\"gallery-item\"><dt class=\"gallery-icon\">\n\t\t<a class=\"fancybox\" href=\"https:\/\/atelier-filmfest.com\/archives\/wp-content\/uploads\/2012\/10\/LL-machine-683x1024.jpeg\" rel=\"gallery-0\"><img width=\"150\" height=\"150\" class=\"attachment-thumbnail\" alt=\"\" src=\"https:\/\/atelier-filmfest.com\/archives\/wp-content\/uploads\/2012\/10\/LL-machine-150x150.jpeg\" \/><\/a><\/dt><\/dl>\n\n<dl class=\"gallery-item\"><dt class=\"gallery-icon\">\n\t\t<a class=\"fancybox\" href=\"https:\/\/atelier-filmfest.com\/archives\/wp-content\/uploads\/2012\/10\/LL1-683x1024.jpg\" rel=\"gallery-0\"><img width=\"150\" height=\"150\" class=\"attachment-thumbnail\" alt=\"\" src=\"https:\/\/atelier-filmfest.com\/archives\/wp-content\/uploads\/2012\/10\/LL1-150x150.jpg\" \/><\/a><\/dt><\/dl>\n\n<dl class=\"gallery-item\"><dt class=\"gallery-icon\">\n\t\t<a class=\"fancybox\" href=\"https:\/\/atelier-filmfest.com\/archives\/wp-content\/uploads\/2012\/10\/Tournage-10.jpg\" rel=\"gallery-0\"><img width=\"150\" height=\"150\" class=\"attachment-thumbnail\" alt=\"\" src=\"https:\/\/atelier-filmfest.com\/archives\/wp-content\/uploads\/2012\/10\/Tournage-10-150x150.jpg\" \/><\/a><\/dt><\/dl>\n\n<dl class=\"gallery-item\"><dt class=\"gallery-icon\">\n\t\t<a class=\"fancybox\" href=\"https:\/\/atelier-filmfest.com\/archives\/wp-content\/uploads\/2012\/10\/DSC_0844-1024x683.jpeg\" rel=\"gallery-0\"><img width=\"150\" height=\"150\" class=\"attachment-thumbnail\" alt=\"\" src=\"https:\/\/atelier-filmfest.com\/archives\/wp-content\/uploads\/2012\/10\/DSC_0844-150x150.jpeg\" \/><\/a><\/dt><\/dl>\n\n<dl class=\"gallery-item\"><dt class=\"gallery-icon\">\n\t\t<a class=\"fancybox\" href=\"https:\/\/atelier-filmfest.com\/archives\/wp-content\/uploads\/2012\/10\/LL-accueil-public.jpg\" rel=\"gallery-0\"><img width=\"150\" height=\"150\" class=\"attachment-thumbnail\" alt=\"\" src=\"https:\/\/atelier-filmfest.com\/archives\/wp-content\/uploads\/2012\/10\/LL-accueil-public-150x150.jpg\" \/><\/a><\/dt><\/dl>\n\n<dl class=\"gallery-item\"><dt class=\"gallery-icon\">\n\t\t<a class=\"fancybox\" href=\"https:\/\/atelier-filmfest.com\/archives\/wp-content\/uploads\/2012\/10\/LL6-683x1024.jpg\" rel=\"gallery-0\"><img width=\"150\" height=\"150\" class=\"attachment-thumbnail\" alt=\"\" src=\"https:\/\/atelier-filmfest.com\/archives\/wp-content\/uploads\/2012\/10\/LL6-150x150.jpg\" \/><\/a><\/dt><\/dl>\n\n<dl class=\"gallery-item\"><dt class=\"gallery-icon\">\n\t\t<a class=\"fancybox\" href=\"https:\/\/atelier-filmfest.com\/archives\/wp-content\/uploads\/2012\/10\/Tournage-5-1024x683.jpeg\" rel=\"gallery-0\"><img width=\"150\" height=\"150\" class=\"attachment-thumbnail\" alt=\"\" src=\"https:\/\/atelier-filmfest.com\/archives\/wp-content\/uploads\/2012\/10\/Tournage-5-150x150.jpeg\" \/><\/a><\/dt><\/dl>\n\n<dl class=\"gallery-item\"><dt class=\"gallery-icon\">\n\t\t<a class=\"fancybox\" href=\"https:\/\/atelier-filmfest.com\/archives\/wp-content\/uploads\/2012\/10\/Tournage-15.jpg\" rel=\"gallery-0\"><img width=\"150\" height=\"150\" class=\"attachment-thumbnail\" alt=\"\" src=\"https:\/\/atelier-filmfest.com\/archives\/wp-content\/uploads\/2012\/10\/Tournage-15-150x150.jpg\" \/><\/a><\/dt><\/dl>\n\n<dl class=\"gallery-item\"><dt class=\"gallery-icon\">\n\t\t<a class=\"fancybox\" href=\"https:\/\/atelier-filmfest.com\/archives\/wp-content\/uploads\/2012\/10\/LL3-1024x683.jpg\" rel=\"gallery-0\"><img width=\"150\" height=\"150\" class=\"attachment-thumbnail\" alt=\"\" src=\"https:\/\/atelier-filmfest.com\/archives\/wp-content\/uploads\/2012\/10\/LL3-150x150.jpg\" \/><\/a><\/dt><\/dl>\n\n<dl class=\"gallery-item\"><dt class=\"gallery-icon\">\n\t\t<a class=\"fancybox\" href=\"https:\/\/atelier-filmfest.com\/archives\/wp-content\/uploads\/2012\/10\/Tournage-16.jpg\" rel=\"gallery-0\"><img width=\"150\" height=\"150\" class=\"attachment-thumbnail\" alt=\"\" src=\"https:\/\/atelier-filmfest.com\/archives\/wp-content\/uploads\/2012\/10\/Tournage-16-150x150.jpg\" \/><\/a><\/dt><\/dl>\n\n<\/div><br clear=\"all\" \/><!-- Rendered by FancyBox without labels END -->\n\n","protected":false},"excerpt":{"rendered":"<p>Il \u00e9tait une fois\u2026 le relief, avec l\u2019Ecole nationale sup\u00e9rieure Louis-Lumi\u00e8re\u00a0: assistez \u00e0 un tournage avec une projection relief en direct. \u00a0Vous d\u00e9couvrirez comment on cr\u00e9e une image en relief, comment travaille le st\u00e9r\u00e9ographe ou comment fonctionne du mat\u00e9riel de prise de vues 3D (rigs motion control, cam\u00e9ras, moniteurs et&#8230;<\/p>\n<p><a class='more-link' href='https:\/\/atelier-filmfest.com\/archives\/ens-louis-lumiere-2015\/'><span class='screen-reader-text'>ENS Louis-Lumi\u00e8re<\/span><\/a><\/p>","protected":false},"author":3,"featured_media":0,"parent":0,"menu_order":0,"comment_status":"closed","ping_status":"closed","template":"","meta":[],"_links":{"self":[{"href":"https:\/\/atelier-filmfest.com\/archives\/wp-json\/wp\/v2\/pages\/125"}],"collection":[{"href":"https:\/\/atelier-filmfest.com\/archives\/wp-json\/wp\/v2\/pages"}],"about":[{"href":"https:\/\/atelier-filmfest.com\/archives\/wp-json\/wp\/v2\/types\/page"}],"author":[{"embeddable":true,"href":"https:\/\/atelier-filmfest.com\/archives\/wp-json\/wp\/v2\/users\/3"}],"replies":[{"embeddable":true,"href":"https:\/\/atelier-filmfest.com\/archives\/wp-json\/wp\/v2\/comments?post=125"}],"version-history":[{"count":1,"href":"https:\/\/atelier-filmfest.com\/archives\/wp-json\/wp\/v2\/pages\/125\/revisions"}],"predecessor-version":[{"id":6117,"href":"https:\/\/atelier-filmfest.com\/archives\/wp-json\/wp\/v2\/pages\/125\/revisions\/6117"}],"wp:attachment":[{"href":"https:\/\/atelier-filmfest.com\/archives\/wp-json\/wp\/v2\/media?parent=125"}],"curies":[{"name":"wp","href":"https:\/\/api.w.org\/{rel}","templated":true}]}}

ENS Louis-Lumière

<p><strong><i><a href="http://ns203004.ovh.net/%7Eatelfilm/wp-content/uploads/2013/02/Tournage-12.jpg"><img decoding="async" loading="lazy" class="aligncenter size-full wp-image-2034" alt="Tournage 12" src="http://ns203004.ovh.net/%7Eatelfilm/wp-content/uploads/2013/02/Tournage-12.jpg" width="640" height="427" srcset="https://atelier-filmfest.com/archives/wp-content/uploads/2013/02/Tournage-12.jpg 640w, https://atelier-filmfest.com/archives/wp-content/uploads/2013/02/Tournage-12-300x200.jpg 300w, https://atelier-filmfest.com/archives/wp-content/uploads/2013/02/Tournage-12-524x350.jpg 524w" sizes="(max-width: 640px) 100vw, 640px" /></a>Il était une fois…</i> le relief, avec l’Ecole nationale supérieure Louis-Lumière : assistez à un tournage avec une projection relief en direct.</strong></p>
<p style="text-align: justify;"> Vous découvrirez comment on crée une image en relief, comment travaille le stéréographe ou comment fonctionne du matériel de prise de vues 3D (rigs motion control, caméras, moniteurs et logiciels de visualisation et correction du relief).</p>
<p style="text-align: justify;">Vous apprécierez également le travail du réalisateur, du directeur de la photo, de l’ingénieur du son et de tous les autres postes techniques.</p>
<p style="text-align: justify;">Nos étudiants en deuxième année s’efforceront chaque jour de réaliser en 3D des scènes du film « Frankenstein Junior » (Réalisation : Mel Brooks, directeur de la photographie, Gerald Hirschfeld, ASC,1974). Vous les regarderez travailler et visualiserez en direct le résultat de leurs travaux, grâce aux lunettes qui vous seront prêtées.</p>
<p style="text-align: justify;">Les membres de la direction et des équipes pédagogiques de l’ENS Louis-Lumière seront présents pour vous accueillir et vous donner les explications nécessaires.</p>
<p style="text-align: justify;">Le décor est fabriqué par les élèves de l’Ecole d’architecture, les acteurs étudient au Conservatoire de Clermont-Ferrand.</p>
<p style="text-align: justify;">Pour voir toutes les photos du tournage c&rsquo;est <a title="Tournage 2013" href="http://ns203004.ovh.net/%7Eatelfilm/?page_id=2014">ici</a>.</p>
<!-- Rendered by FancyBox without labels BEGIN -->

	<style type="text/css">
					#gallery-0 {
						margin: auto;
					}
					#gallery-0 .gallery-item {
						float: left;
						margin-top: 10px;
						text-align: center;
						width: 32%;
					}
					#gallery-0 img {
						border: 2px solid #cfcfcf;
					}
					#gallery-0 .gallery-caption {
						margin-left: 0;
					}
	</style>
<script type="text/javascript">
$(document).ready(function() {
	/*
	 *  Simple image gallery. Uses default settings
	 */

	$(".fancybox").fancybox({
		"transitionIn"		: "none",
		"transitionOut"		: "none",
		"titlePosition" 	: "over"

	});
});
</script>

	<div id="gallery-0" class="gallery galleryid-0 gallery-size-thumbnail" style=""><dl class="gallery-item"><dt class="gallery-icon">
		<a class="fancybox" href="https://atelier-filmfest.com/archives/wp-content/uploads/2012/10/Tournage-2.jpeg" rel="gallery-0"><img width="150" height="150" class="attachment-thumbnail" alt="" src="https://atelier-filmfest.com/archives/wp-content/uploads/2012/10/Tournage-2-150x150.jpeg" /></a></dt></dl>

<dl class="gallery-item"><dt class="gallery-icon">
		<a class="fancybox" href="https://atelier-filmfest.com/archives/wp-content/uploads/2012/10/Tournage-18.jpg" rel="gallery-0"><img width="150" height="150" class="attachment-thumbnail" alt="" src="https://atelier-filmfest.com/archives/wp-content/uploads/2012/10/Tournage-18-150x150.jpg" /></a></dt></dl>

<dl class="gallery-item"><dt class="gallery-icon">
		<a class="fancybox" href="https://atelier-filmfest.com/archives/wp-content/uploads/2012/10/LL-machine-683x1024.jpeg" rel="gallery-0"><img width="150" height="150" class="attachment-thumbnail" alt="" src="https://atelier-filmfest.com/archives/wp-content/uploads/2012/10/LL-machine-150x150.jpeg" /></a></dt></dl>

<dl class="gallery-item"><dt class="gallery-icon">
		<a class="fancybox" href="https://atelier-filmfest.com/archives/wp-content/uploads/2012/10/LL1-683x1024.jpg" rel="gallery-0"><img width="150" height="150" class="attachment-thumbnail" alt="" src="https://atelier-filmfest.com/archives/wp-content/uploads/2012/10/LL1-150x150.jpg" /></a></dt></dl>

<dl class="gallery-item"><dt class="gallery-icon">
		<a class="fancybox" href="https://atelier-filmfest.com/archives/wp-content/uploads/2012/10/Tournage-10.jpg" rel="gallery-0"><img width="150" height="150" class="attachment-thumbnail" alt="" src="https://atelier-filmfest.com/archives/wp-content/uploads/2012/10/Tournage-10-150x150.jpg" /></a></dt></dl>

<dl class="gallery-item"><dt class="gallery-icon">
		<a class="fancybox" href="https://atelier-filmfest.com/archives/wp-content/uploads/2012/10/DSC_0844-1024x683.jpeg" rel="gallery-0"><img width="150" height="150" class="attachment-thumbnail" alt="" src="https://atelier-filmfest.com/archives/wp-content/uploads/2012/10/DSC_0844-150x150.jpeg" /></a></dt></dl>

<dl class="gallery-item"><dt class="gallery-icon">
		<a class="fancybox" href="https://atelier-filmfest.com/archives/wp-content/uploads/2012/10/LL-accueil-public.jpg" rel="gallery-0"><img width="150" height="150" class="attachment-thumbnail" alt="" src="https://atelier-filmfest.com/archives/wp-content/uploads/2012/10/LL-accueil-public-150x150.jpg" /></a></dt></dl>

<dl class="gallery-item"><dt class="gallery-icon">
		<a class="fancybox" href="https://atelier-filmfest.com/archives/wp-content/uploads/2012/10/LL6-683x1024.jpg" rel="gallery-0"><img width="150" height="150" class="attachment-thumbnail" alt="" src="https://atelier-filmfest.com/archives/wp-content/uploads/2012/10/LL6-150x150.jpg" /></a></dt></dl>

<dl class="gallery-item"><dt class="gallery-icon">
		<a class="fancybox" href="https://atelier-filmfest.com/archives/wp-content/uploads/2012/10/Tournage-5-1024x683.jpeg" rel="gallery-0"><img width="150" height="150" class="attachment-thumbnail" alt="" src="https://atelier-filmfest.com/archives/wp-content/uploads/2012/10/Tournage-5-150x150.jpeg" /></a></dt></dl>

<dl class="gallery-item"><dt class="gallery-icon">
		<a class="fancybox" href="https://atelier-filmfest.com/archives/wp-content/uploads/2012/10/Tournage-15.jpg" rel="gallery-0"><img width="150" height="150" class="attachment-thumbnail" alt="" src="https://atelier-filmfest.com/archives/wp-content/uploads/2012/10/Tournage-15-150x150.jpg" /></a></dt></dl>

<dl class="gallery-item"><dt class="gallery-icon">
		<a class="fancybox" href="https://atelier-filmfest.com/archives/wp-content/uploads/2012/10/LL3-1024x683.jpg" rel="gallery-0"><img width="150" height="150" class="attachment-thumbnail" alt="" src="https://atelier-filmfest.com/archives/wp-content/uploads/2012/10/LL3-150x150.jpg" /></a></dt></dl>

<dl class="gallery-item"><dt class="gallery-icon">
		<a class="fancybox" href="https://atelier-filmfest.com/archives/wp-content/uploads/2012/10/Tournage-16.jpg" rel="gallery-0"><img width="150" height="150" class="attachment-thumbnail" alt="" src="https://atelier-filmfest.com/archives/wp-content/uploads/2012/10/Tournage-16-150x150.jpg" /></a></dt></dl>

</div><br clear="all" /><!-- Rendered by FancyBox without labels END -->

<p>Il était une fois… le relief, avec l’Ecole nationale supérieure Louis-Lumière : assistez à un tournage avec une projection relief en direct.  Vous découvrirez comment on crée une image en relief, comment travaille le stéréographe ou comment fonctionne du matériel de prise de vues 3D (rigs motion control, caméras, moniteurs et&#8230;</p>
<p><a class='more-link' href='https://atelier-filmfest.com/archives/ens-louis-lumiere-2015/'><span class='screen-reader-text'>ENS Louis-Lumière</span></a></p>
