 
 {"id":2617,"date":"2013-10-28T15:51:44","date_gmt":"2013-10-28T14:51:44","guid":{"rendered":"http:\/\/ns203004.ovh.net\/%7Eatelfilm\/?page_id=2617"},"modified":"2021-03-24T21:26:58","modified_gmt":"2021-03-24T20:26:58","slug":"maquillage","status":"publish","type":"page","link":"https:\/\/atelier-filmfest.com\/archives\/maquillage\/","title":{"rendered":"\u00c9cole d&rsquo;esth\u00e9tique Fournier Groupe Silvya.Terrade"},"content":{"rendered":"<p><a href=\"http:\/\/atelier-filmfest.com\/wp-content\/uploads\/2013\/10\/fournier-retouche.jpg\"><img decoding=\"async\" loading=\"lazy\" class=\"aligncenter wp-image-4091\" src=\"http:\/\/atelier-filmfest.com\/wp-content\/uploads\/2013\/10\/fournier-retouche-678x1024.jpg\" alt=\"fournier retouche\" width=\"330\" height=\"499\" srcset=\"https:\/\/atelier-filmfest.com\/archives\/wp-content\/uploads\/2013\/10\/fournier-retouche.jpg 678w, https:\/\/atelier-filmfest.com\/archives\/wp-content\/uploads\/2013\/10\/fournier-retouche-199x300.jpg 199w, https:\/\/atelier-filmfest.com\/archives\/wp-content\/uploads\/2013\/10\/fournier-retouche-232x350.jpg 232w\" sizes=\"(max-width: 330px) 100vw, 330px\" \/><\/a><\/p>\n<div id=\"yui_3_16_0_1_1448724380580_11533\" style=\"text-align: justify;\" align=\"LEFT\">\n<div><\/div>\n<div id=\"yui_3_16_0_1_1480057418675_14357\"><span id=\"yui_3_16_0_1_1480057418675_14358\" style=\"font-size: medium;\">Sp\u00e9cialiste de la formation professionnelle esth\u00e9tique &amp; spa depuis plus de 40 ans, l\u2019\u00c9cole FOURNIER est une \u00e9cole technique priv\u00e9e, pr\u00e9sente \u00e0 Vichy (03, Auvergne) depuis 1973 et \u00e0 Clermont-Ferrand (63, Auvergne) depuis 2010<\/span><span id=\"yui_3_16_0_1_1480057418675_14360\" style=\"font-family: Corbel, Corbel; font-size: medium;\"><span id=\"yui_3_16_0_1_1480057418675_14361\" style=\"font-family: Corbel, Corbel; font-size: medium;\">.\u00a0<\/span><\/span><\/div>\n<p>Fid\u00e8le \u00e0 sa r\u00e9putation d\u2019excellence, l\u2019\u00c9cole FOURNIER pr\u00e9pare \u00e0 tous les dipl\u00f4mes professionnels des domaines de l\u2019Esth\u00e9tique (CAP, Bac Pro, BP, BTS), du Maquillage (Formation Maquilleur Professionnel) et du Spa (Spa Praticien, Spa Manager r\u00e9seau Spa Acad\u00e9mie) dans le but de toujours offrir aux \u00e9l\u00e8ves et aux \u00e9tudiants les parcours les plus adapt\u00e9s \u00e0 leur projet professionnel.<\/p>\n<div id=\"yui_3_16_0_1_1480057418675_14367\">Forte d\u2019un r\u00e9seau de plusieurs milliers d\u2019ancien(ne)s \u00e9l\u00e8ves, l\u2019\u00c9cole FOURNIER est aujourd\u2019hui la plus ancienne \u00e9cole d\u2019esth\u00e9tique fran\u00e7aise \u00e0 \u00eatre dirig\u00e9e par la m\u00eame famille depuis son origine.<\/div>\n<div id=\"yui_3_16_0_1_1480057418675_14368\">De ce fait, la vocation de notre \u00e9cole est toujours rest\u00e9e la m\u00eame : vous offrir la meilleure formation qui soit, au plus pr\u00e8s des attentes des entreprises des secteurs de l\u2019esth\u00e9tique, cosm\u00e9tique, parfumerie.<\/div>\n<\/div>\n<div>\n<p class=\"p1\">\u00c0 l\u2019occasion du festival 2020, nos \u00e9tudiants pr\u00e9parerons les com\u00e9diennes et com\u00e9diens \u00e0 prendre au mieux la lumi\u00e8re lors des tournages de <strong><a href=\"https:\/\/atelier-filmfest.com\/ens-louis-lumiere\/\" target=\"_blank\" rel=\"noopener noreferrer\">l\u2019ENS Louis-Lumi\u00e8re<\/a><\/strong>.<\/p>\n<\/div>\n<div id=\"yui_3_16_0_1_1448724380580_11533\" style=\"text-align: justify;\" align=\"LEFT\">\n<div><\/div>\n<ul>\n<li>En savoir plus :\u00a0<strong><a href=\"http:\/\/www.ecolefournier.fr\" target=\"_blank\" rel=\"noopener noreferrer\">Site Internet de l&rsquo;\u00c9cole Fournier\u00a0<\/a><\/strong><\/li>\n<\/ul>\n<\/div>\n<div><\/div>\n<div style=\"text-align: justify;\" align=\"LEFT\"><span style=\"color: #ffffff;\">.<\/span><\/div>\n<div style=\"text-align: justify;\" align=\"LEFT\"><img decoding=\"async\" loading=\"lazy\" class=\"aligncenter size-full wp-image-5139\" src=\"http:\/\/atelier-filmfest.com\/wp-content\/uploads\/2018\/12\/LOGOTYPE_FOURNIER_CENTRE.png\" alt=\"\" width=\"640\" height=\"173\" srcset=\"https:\/\/atelier-filmfest.com\/archives\/wp-content\/uploads\/2018\/12\/LOGOTYPE_FOURNIER_CENTRE.png 640w, https:\/\/atelier-filmfest.com\/archives\/wp-content\/uploads\/2018\/12\/LOGOTYPE_FOURNIER_CENTRE-300x81.png 300w\" sizes=\"(max-width: 640px) 100vw, 640px\" \/><span id=\"yui_3_16_0_1_1448724380580_11662\"><br \/>\n<\/span><\/div>\n","protected":false},"excerpt":{"rendered":"<p>Sp\u00e9cialiste de la formation professionnelle esth\u00e9tique &amp; spa depuis plus de 40 ans, l\u2019\u00c9cole FOURNIER est une \u00e9cole technique priv\u00e9e, pr\u00e9sente \u00e0 Vichy (03, Auvergne) depuis 1973 et \u00e0 Clermont-Ferrand (63, Auvergne) depuis 2010.\u00a0 Fid\u00e8le \u00e0 sa r\u00e9putation d\u2019excellence, l\u2019\u00c9cole FOURNIER pr\u00e9pare \u00e0 tous les dipl\u00f4mes professionnels des domaines de&#8230;<\/p>\n<p><a class='more-link' href='https:\/\/atelier-filmfest.com\/archives\/maquillage\/'><span class='screen-reader-text'>\u00c9cole d&rsquo;esth\u00e9tique Fournier Groupe Silvya.Terrade<\/span><\/a><\/p>","protected":false},"author":3,"featured_media":0,"parent":0,"menu_order":0,"comment_status":"closed","ping_status":"open","template":"","meta":[],"_links":{"self":[{"href":"https:\/\/atelier-filmfest.com\/archives\/wp-json\/wp\/v2\/pages\/2617"}],"collection":[{"href":"https:\/\/atelier-filmfest.com\/archives\/wp-json\/wp\/v2\/pages"}],"about":[{"href":"https:\/\/atelier-filmfest.com\/archives\/wp-json\/wp\/v2\/types\/page"}],"author":[{"embeddable":true,"href":"https:\/\/atelier-filmfest.com\/archives\/wp-json\/wp\/v2\/users\/3"}],"replies":[{"embeddable":true,"href":"https:\/\/atelier-filmfest.com\/archives\/wp-json\/wp\/v2\/comments?post=2617"}],"version-history":[{"count":1,"href":"https:\/\/atelier-filmfest.com\/archives\/wp-json\/wp\/v2\/pages\/2617\/revisions"}],"predecessor-version":[{"id":6114,"href":"https:\/\/atelier-filmfest.com\/archives\/wp-json\/wp\/v2\/pages\/2617\/revisions\/6114"}],"wp:attachment":[{"href":"https:\/\/atelier-filmfest.com\/archives\/wp-json\/wp\/v2\/media?parent=2617"}],"curies":[{"name":"wp","href":"https:\/\/api.w.org\/{rel}","templated":true}]}}

École d&rsquo;esthétique Fournier Groupe Silvya.Terrade

<p><a href="http://atelier-filmfest.com/wp-content/uploads/2013/10/fournier-retouche.jpg"><img decoding="async" loading="lazy" class="aligncenter wp-image-4091" src="http://atelier-filmfest.com/wp-content/uploads/2013/10/fournier-retouche-678x1024.jpg" alt="fournier retouche" width="330" height="499" srcset="https://atelier-filmfest.com/archives/wp-content/uploads/2013/10/fournier-retouche.jpg 678w, https://atelier-filmfest.com/archives/wp-content/uploads/2013/10/fournier-retouche-199x300.jpg 199w, https://atelier-filmfest.com/archives/wp-content/uploads/2013/10/fournier-retouche-232x350.jpg 232w" sizes="(max-width: 330px) 100vw, 330px" /></a></p>
<div id="yui_3_16_0_1_1448724380580_11533" style="text-align: justify;" align="LEFT">
<div></div>
<div id="yui_3_16_0_1_1480057418675_14357"><span id="yui_3_16_0_1_1480057418675_14358" style="font-size: medium;">Spécialiste de la formation professionnelle esthétique &amp; spa depuis plus de 40 ans, l’École FOURNIER est une école technique privée, présente à Vichy (03, Auvergne) depuis 1973 et à Clermont-Ferrand (63, Auvergne) depuis 2010</span><span id="yui_3_16_0_1_1480057418675_14360" style="font-family: Corbel, Corbel; font-size: medium;"><span id="yui_3_16_0_1_1480057418675_14361" style="font-family: Corbel, Corbel; font-size: medium;">. </span></span></div>
<p>Fidèle à sa réputation d’excellence, l’École FOURNIER prépare à tous les diplômes professionnels des domaines de l’Esthétique (CAP, Bac Pro, BP, BTS), du Maquillage (Formation Maquilleur Professionnel) et du Spa (Spa Praticien, Spa Manager réseau Spa Académie) dans le but de toujours offrir aux élèves et aux étudiants les parcours les plus adaptés à leur projet professionnel.</p>
<div id="yui_3_16_0_1_1480057418675_14367">Forte d’un réseau de plusieurs milliers d’ancien(ne)s élèves, l’École FOURNIER est aujourd’hui la plus ancienne école d’esthétique française à être dirigée par la même famille depuis son origine.</div>
<div id="yui_3_16_0_1_1480057418675_14368">De ce fait, la vocation de notre école est toujours restée la même : vous offrir la meilleure formation qui soit, au plus près des attentes des entreprises des secteurs de l’esthétique, cosmétique, parfumerie.</div>
</div>
<div>
<p class="p1">À l’occasion du festival 2020, nos étudiants préparerons les comédiennes et comédiens à prendre au mieux la lumière lors des tournages de <strong><a href="https://atelier-filmfest.com/ens-louis-lumiere/" target="_blank" rel="noopener noreferrer">l’ENS Louis-Lumière</a></strong>.</p>
</div>
<div id="yui_3_16_0_1_1448724380580_11533" style="text-align: justify;" align="LEFT">
<div></div>
<ul>
<li>En savoir plus : <strong><a href="http://www.ecolefournier.fr" target="_blank" rel="noopener noreferrer">Site Internet de l&rsquo;École Fournier </a></strong></li>
</ul>
</div>
<div></div>
<div style="text-align: justify;" align="LEFT"><span style="color: #ffffff;">.</span></div>
<div style="text-align: justify;" align="LEFT"><img decoding="async" loading="lazy" class="aligncenter size-full wp-image-5139" src="http://atelier-filmfest.com/wp-content/uploads/2018/12/LOGOTYPE_FOURNIER_CENTRE.png" alt="" width="640" height="173" srcset="https://atelier-filmfest.com/archives/wp-content/uploads/2018/12/LOGOTYPE_FOURNIER_CENTRE.png 640w, https://atelier-filmfest.com/archives/wp-content/uploads/2018/12/LOGOTYPE_FOURNIER_CENTRE-300x81.png 300w" sizes="(max-width: 640px) 100vw, 640px" /><span id="yui_3_16_0_1_1448724380580_11662"><br />
</span></div>

<p>Spécialiste de la formation professionnelle esthétique &amp; spa depuis plus de 40 ans, l’École FOURNIER est une école technique privée, présente à Vichy (03, Auvergne) depuis 1973 et à Clermont-Ferrand (63, Auvergne) depuis 2010.  Fidèle à sa réputation d’excellence, l’École FOURNIER prépare à tous les diplômes professionnels des domaines de&#8230;</p>
<p><a class='more-link' href='https://atelier-filmfest.com/archives/maquillage/'><span class='screen-reader-text'>École d&rsquo;esthétique Fournier Groupe Silvya.Terrade</span></a></p>
