 
 {"id":2683,"date":"2013-10-29T12:06:09","date_gmt":"2013-10-29T11:06:09","guid":{"rendered":"http:\/\/ns203004.ovh.net\/%7Eatelfilm\/?page_id=2683"},"modified":"2021-03-24T21:26:58","modified_gmt":"2021-03-24T20:26:58","slug":"conservatoire-emmanuel-chabrier","status":"publish","type":"page","link":"https:\/\/atelier-filmfest.com\/archives\/conservatoire-emmanuel-chabrier\/","title":{"rendered":"Conservatoire Emmanuel-Chabrier"},"content":{"rendered":"<p>[:fr]<a href=\"http:\/\/atelier-filmfest.com\/wp-content\/uploads\/2013\/10\/dsc_8734_retouche2.jpg\"><img decoding=\"async\" loading=\"lazy\" class=\"aligncenter wp-image-4087\" src=\"http:\/\/atelier-filmfest.com\/wp-content\/uploads\/2013\/10\/dsc_8734_retouche2-1024x678.jpg\" alt=\"DSC_8734_retouche2\" width=\"725\" height=\"459\" \/><\/a><\/p>\n<p>&nbsp;<\/p>\n<p style=\"text-align: justify;\">Le Conservatoire \u00e0 rayonnement r\u00e9gional Emmanuel-Chabrier\u00a0est un \u00e9tablissement\u00a0d\u2019enseignement artistique dans les domaines de\u00a0la musique, de la danse et de l\u2019<strong>art dramatique<\/strong>.<\/p>\n<p>Ces secteurs proposent un enseignement r\u00e9gulier\u00a0dans des cursus \u00e0 orientation amateure et \u00e0\u00a0orientation professionnelle, dispens\u00e9 par des\u00a0artistes enseignants et des professionnels.<\/p>\n<p>Les \u00e9l\u00e8ves participent \u00e0 l\u2019Atelier pour se sensibiliser\u00a0au jeu d\u2019acteur, face \u00e0 la\u00a0cam\u00e9ra, \u00e0\u00a0l\u2019\u00e9criture, \u00e0 la cr\u00e9ation cin\u00e9matographique\u00a0et \u00e0 la composition de musique de films. En\u00a0amont, une pr\u00e9paration p\u00e9dagogique encadr\u00e9e\u00a0par leurs professeurs leur permet d\u2019avoir une\u00a0connaissance des \u0153uvres abord\u00e9es. Les \u00e9l\u00e8ves com\u00e9diens\u00a0sont dirig\u00e9s par les \u00e9tudiants de l\u2019\u00e9cole Louis-\u00a0Lumi\u00e8re et de l\u2019ECAL (coordination Pascale\u00a0Sim\u00e9on). Pour la partie\u00a0musique,\u00a0Christophe Pereira et Emmanuel Jarousse\u00a0assureront la coordination entre\u00a0le conservatoire Emmanuel-Chabrier de\u00a0Clermont-Ferrand et le CNSMD de Lyon.<\/p>\n<ul>\n<li>En savoir plus :\u00a0<strong><a href=\"https:\/\/www.clermontmetropole.eu\/bouger-se-divertir\/le-dynamisme-culturel\/conservatoire-emmanuel-chabrier\/\" target=\"_blank\" rel=\"noopener noreferrer\">Site Internet du Conservatoire Emmanuel Chabrier<\/a><\/strong><\/li>\n<\/ul>\n<p>&nbsp;<\/p>\n<p style=\"text-align: justify;\"><a href=\"http:\/\/atelier-filmfest.com\/wp-content\/uploads\/2013\/10\/conservatoire-emanuel-chabrier.png\"><img decoding=\"async\" loading=\"lazy\" class=\"wp-image-3994 size-full aligncenter\" src=\"http:\/\/atelier-filmfest.com\/wp-content\/uploads\/2013\/10\/conservatoire-emanuel-chabrier.png\" alt=\"Conservatoire Emanuel Chabrier\" width=\"285\" height=\"110\" \/><\/a><\/p>\n<hr \/>\n<p><strong>Photos de l&rsquo;Atelier tournage de l&rsquo;\u00e9dition 2019<\/strong><\/p>\n<p><!-- Rendered by FancyBox without labels BEGIN -->\n\n\t<style type=\"text\/css\">\n\t\t\t\t\t#gallery-0 {\n\t\t\t\t\t\tmargin: auto;\n\t\t\t\t\t}\n\t\t\t\t\t#gallery-0 .gallery-item {\n\t\t\t\t\t\tfloat: left;\n\t\t\t\t\t\tmargin-top: 10px;\n\t\t\t\t\t\ttext-align: center;\n\t\t\t\t\t\twidth: 32%;\n\t\t\t\t\t}\n\t\t\t\t\t#gallery-0 img {\n\t\t\t\t\t\tborder: 2px solid #cfcfcf;\n\t\t\t\t\t}\n\t\t\t\t\t#gallery-0 .gallery-caption {\n\t\t\t\t\t\tmargin-left: 0;\n\t\t\t\t\t}\n\t<\/style>\n<script type=\"text\/javascript\">\n$(document).ready(function() {\n\t\/*\n\t *  Simple image gallery. Uses default settings\n\t *\/\n\n\t$(\".fancybox\").fancybox({\n\t\t\"transitionIn\"\t\t: \"none\",\n\t\t\"transitionOut\"\t\t: \"none\",\n\t\t\"titlePosition\" \t: \"over\"\n\n\t});\n});\n<\/script>\n\n\t<div id=\"gallery-0\" class=\"gallery galleryid-0 gallery-size-thumbnail\" style=\"\"><dl class=\"gallery-item\"><dt class=\"gallery-icon\">\n\t\t<a class=\"fancybox\" href=\"https:\/\/atelier-filmfest.com\/archives\/wp-content\/uploads\/2019\/11\/atelier-12-1024x683.jpg\" rel=\"gallery-0\"><img width=\"150\" height=\"150\" class=\"attachment-thumbnail\" alt=\"\" src=\"https:\/\/atelier-filmfest.com\/archives\/wp-content\/uploads\/2019\/11\/atelier-12-150x150.jpg\" \/><\/a><\/dt><\/dl>\n\n<dl class=\"gallery-item\"><dt class=\"gallery-icon\">\n\t\t<a class=\"fancybox\" href=\"https:\/\/atelier-filmfest.com\/archives\/wp-content\/uploads\/2019\/11\/DSC_6189-683x1024.jpg\" rel=\"gallery-0\"><img width=\"150\" height=\"150\" class=\"attachment-thumbnail\" alt=\"\" src=\"https:\/\/atelier-filmfest.com\/archives\/wp-content\/uploads\/2019\/11\/DSC_6189-150x150.jpg\" \/><\/a><\/dt><\/dl>\n\n<dl class=\"gallery-item\"><dt class=\"gallery-icon\">\n\t\t<a class=\"fancybox\" href=\"https:\/\/atelier-filmfest.com\/archives\/wp-content\/uploads\/2019\/11\/DSC_6243-683x1024.jpg\" rel=\"gallery-0\"><img width=\"150\" height=\"150\" class=\"attachment-thumbnail\" alt=\"\" src=\"https:\/\/atelier-filmfest.com\/archives\/wp-content\/uploads\/2019\/11\/DSC_6243-150x150.jpg\" \/><\/a><\/dt><\/dl>\n\n<dl class=\"gallery-item\"><dt class=\"gallery-icon\">\n\t\t<a class=\"fancybox\" href=\"https:\/\/atelier-filmfest.com\/archives\/wp-content\/uploads\/2019\/11\/DSC_6277-683x1024.jpg\" rel=\"gallery-0\"><img width=\"150\" height=\"150\" class=\"attachment-thumbnail\" alt=\"\" src=\"https:\/\/atelier-filmfest.com\/archives\/wp-content\/uploads\/2019\/11\/DSC_6277-150x150.jpg\" \/><\/a><\/dt><\/dl>\n\n<dl class=\"gallery-item\"><dt class=\"gallery-icon\">\n\t\t<a class=\"fancybox\" href=\"https:\/\/atelier-filmfest.com\/archives\/wp-content\/uploads\/2019\/11\/DSC_6241-1024x683.jpg\" rel=\"gallery-0\"><img width=\"150\" height=\"150\" class=\"attachment-thumbnail\" alt=\"\" src=\"https:\/\/atelier-filmfest.com\/archives\/wp-content\/uploads\/2019\/11\/DSC_6241-150x150.jpg\" \/><\/a><\/dt><\/dl>\n\n<dl class=\"gallery-item\"><dt class=\"gallery-icon\">\n\t\t<a class=\"fancybox\" href=\"https:\/\/atelier-filmfest.com\/archives\/wp-content\/uploads\/2019\/11\/IMG_4306-1024x709.jpg\" rel=\"gallery-0\"><img width=\"150\" height=\"150\" class=\"attachment-thumbnail\" alt=\"\" src=\"https:\/\/atelier-filmfest.com\/archives\/wp-content\/uploads\/2019\/11\/IMG_4306-150x150.jpg\" \/><\/a><\/dt><\/dl>\n\n<\/div><br clear=\"all\" \/><!-- Rendered by FancyBox without labels END -->\n[:en]<img decoding=\"async\" loading=\"lazy\" class=\"wp-image-2921 alignleft\" src=\"http:\/\/ns203004.ovh.net\/%7Eatelfilm\/wp-content\/uploads\/2013\/10\/consevatoire-e1386177279397.png\" alt=\"consevatoire\" width=\"228\" height=\"88\" \/><\/p>\n<p style=\"text-align: justify;\">Le Conservatoire \u00e0 Rayonnement R\u00e9gional Emmanuel-Chabrier est un \u00e9tablissement d\u2019enseignement artistique dans les domaines de la musique, de la danse classique et de l\u2019art dramatique. C\u2019est un lieu d\u2019apprentissage, d\u2019exp\u00e9rimentation, de rencontres, mais aussi de certification, d\u00e9livrant des dipl\u00f4mes. Le d\u00e9partement d\u2019Art Dramatique propose un enseignement r\u00e9gulier dans des cursus amateur et \u00e0 orientation professionnelle, dispens\u00e9 par des artistes enseignants et des professionnels du spectacle vivant.<\/p>\n<p style=\"text-align: justify;\">Les \u00e9l\u00e8ves participent \u00e0 l\u2019Atelier Eph\u00e9m\u00e8re pour se sensibiliser \u00e0 l\u2019\u00e9criture et \u00e0 la cr\u00e9ation cin\u00e9matographique. En amont, une pr\u00e9paration p\u00e9dagogique encadr\u00e9e par leurs professeurs leur permet d\u2019avoir une connaissance de l\u2019\u0153uvre abord\u00e9e et de mener une recherche autour des costumes et des accessoires. Puis les \u00e9l\u00e8ves sont dirig\u00e9s par les \u00e9tudiants de l\u2019\u00e9cole Louis-Lumi\u00e8re.<\/p>\n<p>[:]<\/p>\n","protected":false},"excerpt":{"rendered":"<p>[:fr] &nbsp; Le Conservatoire \u00e0 rayonnement r\u00e9gional Emmanuel-Chabrier\u00a0est un \u00e9tablissement\u00a0d\u2019enseignement artistique dans les domaines de\u00a0la musique, de la danse et de l\u2019art dramatique. Ces secteurs proposent un enseignement r\u00e9gulier\u00a0dans des cursus \u00e0 orientation amateure et \u00e0\u00a0orientation professionnelle, dispens\u00e9 par des\u00a0artistes enseignants et des professionnels. Les \u00e9l\u00e8ves participent \u00e0 l\u2019Atelier pour&#8230;<\/p>\n<p><a class='more-link' href='https:\/\/atelier-filmfest.com\/archives\/conservatoire-emmanuel-chabrier\/'><span class='screen-reader-text'>Conservatoire Emmanuel-Chabrier<\/span><\/a><\/p>","protected":false},"author":3,"featured_media":0,"parent":0,"menu_order":0,"comment_status":"closed","ping_status":"closed","template":"","meta":[],"_links":{"self":[{"href":"https:\/\/atelier-filmfest.com\/archives\/wp-json\/wp\/v2\/pages\/2683"}],"collection":[{"href":"https:\/\/atelier-filmfest.com\/archives\/wp-json\/wp\/v2\/pages"}],"about":[{"href":"https:\/\/atelier-filmfest.com\/archives\/wp-json\/wp\/v2\/types\/page"}],"author":[{"embeddable":true,"href":"https:\/\/atelier-filmfest.com\/archives\/wp-json\/wp\/v2\/users\/3"}],"replies":[{"embeddable":true,"href":"https:\/\/atelier-filmfest.com\/archives\/wp-json\/wp\/v2\/comments?post=2683"}],"version-history":[{"count":1,"href":"https:\/\/atelier-filmfest.com\/archives\/wp-json\/wp\/v2\/pages\/2683\/revisions"}],"predecessor-version":[{"id":6109,"href":"https:\/\/atelier-filmfest.com\/archives\/wp-json\/wp\/v2\/pages\/2683\/revisions\/6109"}],"wp:attachment":[{"href":"https:\/\/atelier-filmfest.com\/archives\/wp-json\/wp\/v2\/media?parent=2683"}],"curies":[{"name":"wp","href":"https:\/\/api.w.org\/{rel}","templated":true}]}}

<p>[:fr]<a href="http://atelier-filmfest.com/wp-content/uploads/2013/10/dsc_8734_retouche2.jpg"><img decoding="async" loading="lazy" class="aligncenter wp-image-4087" src="http://atelier-filmfest.com/wp-content/uploads/2013/10/dsc_8734_retouche2-1024x678.jpg" alt="DSC_8734_retouche2" width="725" height="459" /></a></p>
<p>&nbsp;</p>
<p style="text-align: justify;">Le Conservatoire à rayonnement régional Emmanuel-Chabrier est un établissement d’enseignement artistique dans les domaines de la musique, de la danse et de l’<strong>art dramatique</strong>.</p>
<p>Ces secteurs proposent un enseignement régulier dans des cursus à orientation amateure et à orientation professionnelle, dispensé par des artistes enseignants et des professionnels.</p>
<p>Les élèves participent à l’Atelier pour se sensibiliser au jeu d’acteur, face à la caméra, à l’écriture, à la création cinématographique et à la composition de musique de films. En amont, une préparation pédagogique encadrée par leurs professeurs leur permet d’avoir une connaissance des œuvres abordées. Les élèves comédiens sont dirigés par les étudiants de l’école Louis- Lumière et de l’ECAL (coordination Pascale Siméon). Pour la partie musique, Christophe Pereira et Emmanuel Jarousse assureront la coordination entre le conservatoire Emmanuel-Chabrier de Clermont-Ferrand et le CNSMD de Lyon.</p>
<ul>
<li>En savoir plus : <strong><a href="https://www.clermontmetropole.eu/bouger-se-divertir/le-dynamisme-culturel/conservatoire-emmanuel-chabrier/" target="_blank" rel="noopener noreferrer">Site Internet du Conservatoire Emmanuel Chabrier</a></strong></li>
</ul>
<p>&nbsp;</p>
<p style="text-align: justify;"><a href="http://atelier-filmfest.com/wp-content/uploads/2013/10/conservatoire-emanuel-chabrier.png"><img decoding="async" loading="lazy" class="wp-image-3994 size-full aligncenter" src="http://atelier-filmfest.com/wp-content/uploads/2013/10/conservatoire-emanuel-chabrier.png" alt="Conservatoire Emanuel Chabrier" width="285" height="110" /></a></p>
<hr />
<p><strong>Photos de l&rsquo;Atelier tournage de l&rsquo;édition 2019</strong></p>
<p><!-- Rendered by FancyBox without labels BEGIN -->

	<style type="text/css">
					#gallery-0 {
						margin: auto;
					}
					#gallery-0 .gallery-item {
						float: left;
						margin-top: 10px;
						text-align: center;
						width: 32%;
					}
					#gallery-0 img {
						border: 2px solid #cfcfcf;
					}
					#gallery-0 .gallery-caption {
						margin-left: 0;
					}
	</style>
<script type="text/javascript">
$(document).ready(function() {
	/*
	 *  Simple image gallery. Uses default settings
	 */

	$(".fancybox").fancybox({
		"transitionIn"		: "none",
		"transitionOut"		: "none",
		"titlePosition" 	: "over"

	});
});
</script>

	<div id="gallery-0" class="gallery galleryid-0 gallery-size-thumbnail" style=""><dl class="gallery-item"><dt class="gallery-icon">
		<a class="fancybox" href="https://atelier-filmfest.com/archives/wp-content/uploads/2019/11/atelier-12-1024x683.jpg" rel="gallery-0"><img width="150" height="150" class="attachment-thumbnail" alt="" src="https://atelier-filmfest.com/archives/wp-content/uploads/2019/11/atelier-12-150x150.jpg" /></a></dt></dl>

<dl class="gallery-item"><dt class="gallery-icon">
		<a class="fancybox" href="https://atelier-filmfest.com/archives/wp-content/uploads/2019/11/DSC_6189-683x1024.jpg" rel="gallery-0"><img width="150" height="150" class="attachment-thumbnail" alt="" src="https://atelier-filmfest.com/archives/wp-content/uploads/2019/11/DSC_6189-150x150.jpg" /></a></dt></dl>

<dl class="gallery-item"><dt class="gallery-icon">
		<a class="fancybox" href="https://atelier-filmfest.com/archives/wp-content/uploads/2019/11/DSC_6243-683x1024.jpg" rel="gallery-0"><img width="150" height="150" class="attachment-thumbnail" alt="" src="https://atelier-filmfest.com/archives/wp-content/uploads/2019/11/DSC_6243-150x150.jpg" /></a></dt></dl>

<dl class="gallery-item"><dt class="gallery-icon">
		<a class="fancybox" href="https://atelier-filmfest.com/archives/wp-content/uploads/2019/11/DSC_6277-683x1024.jpg" rel="gallery-0"><img width="150" height="150" class="attachment-thumbnail" alt="" src="https://atelier-filmfest.com/archives/wp-content/uploads/2019/11/DSC_6277-150x150.jpg" /></a></dt></dl>

<dl class="gallery-item"><dt class="gallery-icon">
		<a class="fancybox" href="https://atelier-filmfest.com/archives/wp-content/uploads/2019/11/DSC_6241-1024x683.jpg" rel="gallery-0"><img width="150" height="150" class="attachment-thumbnail" alt="" src="https://atelier-filmfest.com/archives/wp-content/uploads/2019/11/DSC_6241-150x150.jpg" /></a></dt></dl>

<dl class="gallery-item"><dt class="gallery-icon">
		<a class="fancybox" href="https://atelier-filmfest.com/archives/wp-content/uploads/2019/11/IMG_4306-1024x709.jpg" rel="gallery-0"><img width="150" height="150" class="attachment-thumbnail" alt="" src="https://atelier-filmfest.com/archives/wp-content/uploads/2019/11/IMG_4306-150x150.jpg" /></a></dt></dl>

</div><br clear="all" /><!-- Rendered by FancyBox without labels END -->
[:en]<img decoding="async" loading="lazy" class="wp-image-2921 alignleft" src="http://ns203004.ovh.net/%7Eatelfilm/wp-content/uploads/2013/10/consevatoire-e1386177279397.png" alt="consevatoire" width="228" height="88" /></p>
<p style="text-align: justify;">Le Conservatoire à Rayonnement Régional Emmanuel-Chabrier est un établissement d’enseignement artistique dans les domaines de la musique, de la danse classique et de l’art dramatique. C’est un lieu d’apprentissage, d’expérimentation, de rencontres, mais aussi de certification, délivrant des diplômes. Le département d’Art Dramatique propose un enseignement régulier dans des cursus amateur et à orientation professionnelle, dispensé par des artistes enseignants et des professionnels du spectacle vivant.</p>
<p style="text-align: justify;">Les élèves participent à l’Atelier Ephémère pour se sensibiliser à l’écriture et à la création cinématographique. En amont, une préparation pédagogique encadrée par leurs professeurs leur permet d’avoir une connaissance de l’œuvre abordée et de mener une recherche autour des costumes et des accessoires. Puis les élèves sont dirigés par les étudiants de l’école Louis-Lumière.</p>
<p>[:]</p>

<p>[:fr] &nbsp; Le Conservatoire à rayonnement régional Emmanuel-Chabrier est un établissement d’enseignement artistique dans les domaines de la musique, de la danse et de l’art dramatique. Ces secteurs proposent un enseignement régulier dans des cursus à orientation amateure et à orientation professionnelle, dispensé par des artistes enseignants et des professionnels. Les élèves participent à l’Atelier pour&#8230;</p>
<p><a class='more-link' href='https://atelier-filmfest.com/archives/conservatoire-emmanuel-chabrier/'><span class='screen-reader-text'>Conservatoire Emmanuel-Chabrier</span></a></p>
