 
 {"id":364,"date":"2012-10-19T12:20:23","date_gmt":"2012-10-19T11:20:23","guid":{"rendered":"http:\/\/atelierclermontfilmfest.wordpress.com\/?page_id=364"},"modified":"2021-03-24T21:26:58","modified_gmt":"2021-03-24T20:26:58","slug":"lapinsbleu","status":"publish","type":"page","link":"https:\/\/atelier-filmfest.com\/archives\/archives-2\/2010-2\/lapinsbleu\/","title":{"rendered":"Web TV Les Lapins Bleus"},"content":{"rendered":"<p style=\"text-align: center;\"><strong>L&rsquo;\u00e9quipe des Lapins Bleus<\/strong><\/p>\n<p style=\"text-align: center;\">\n<p style=\"text-align: justify;\"><strong><a href=\"http:\/\/atelierclermontfilmfest.files.wordpress.com\/2012\/10\/billard-madric3a8res.jpg\"><img decoding=\"async\" loading=\"lazy\" class=\"alignleft size-full wp-image-356 aligncenter\" title=\"Billard-Madri\u00e8res\" alt=\"\" src=\"http:\/\/atelierclermontfilmfest.files.wordpress.com\/2012\/10\/billard-madric3a8res.jpg\" width=\"80\" height=\"80\" \/><\/a>\u00a0Jean-Marie BILLARD-MADRI\u00c8RES \/ <\/strong><i><strong>Responsable p\u00e9dagogique<\/strong>\u00a0<\/i>\u2028\u2028 \u00a0 \u00a0Photographe et monteur de formation, il cr\u00e9e il y a 10 ans lapins bleus formation, organisme de formation audiovisuelle, dont il continue aujourd\u2019hui de d\u00e9velopper l\u2019activit\u00e9. Il est \u00e0 l\u2019initiative de l\u2019atelier des lapins bleus au Festival International de Clermont-Ferrand.<\/p>\n<p style=\"text-align: justify;\"><strong><a href=\"http:\/\/atelierclermontfilmfest.files.wordpress.com\/2012\/10\/montagnac.jpg\"><img decoding=\"async\" loading=\"lazy\" class=\"alignleft size-full wp-image-357\" title=\"Montagnac\" alt=\"\" src=\"http:\/\/atelierclermontfilmfest.files.wordpress.com\/2012\/10\/montagnac.jpg\" width=\"80\" height=\"80\" \/><\/a>Sylvain MONTAGNAC \/<i>R\u00e9alisateur<\/i><\/strong>\u2028<i>\u2028\u00a0<\/i>Apr\u00e8s des \u00e9tudes en photographie, il est co-auteur en 2001 d\u2019un court-m\u00e9trage de \ufb01ction \u00ab <i>En attendant Paul<\/i> \u00bb, aid\u00e9 \u00e0 l\u2019\u00e9criture par la fondation Beaumarchais. En 2006 il \u00e9crit et r\u00e9alise un court-m\u00e9trage \u00ab <i>La Couleur<\/i> \u00bb ; en 2008 il co\u00e9crit et cor\u00e9alise le documentaire \u00ab <i>Regards Crois\u00e9s <\/i>\u00bb et en 2009, le \u00a0 \u00a0 \u00a0 \u00a0 court-m\u00e9trage \u00ab<i> L\u2019oncle Vincent<\/i> \u00bb.<\/p>\n<p style=\"text-align: justify;\"><strong><a href=\"http:\/\/atelierclermontfilmfest.files.wordpress.com\/2012\/10\/louis.jpg\"><img decoding=\"async\" loading=\"lazy\" class=\"alignleft size-full wp-image-358\" title=\"Louis\" alt=\"\" src=\"http:\/\/atelierclermontfilmfest.files.wordpress.com\/2012\/10\/louis.jpg\" width=\"60\" height=\"60\" \/><\/a>Denis LOUIS \/ <\/strong><i><strong>Directeur de la photographie &amp; cadreur<\/strong>\u00a0<\/i>\u2028\u2028Il travaille pour le cin\u00e9ma et la t\u00e9l\u00e9vision, en fiction et documentaire. Son exp\u00e9rience de plus de 12 ans l\u2019am\u00e8ne aujourd\u2019hui \u00e0 ma\u00eetriser les diff\u00e9rents supports et formats (argentique &amp; num\u00e9rique 4k, HD, etc.). Il \u0153uvre notamment sur les courts m\u00e9trages r\u00e9alis\u00e9s par Sylvain Montagnac.<\/p>\n<p style=\"text-align: justify;\"><strong><a href=\"http:\/\/atelierclermontfilmfest.files.wordpress.com\/2012\/10\/bobe.jpg\"><img decoding=\"async\" loading=\"lazy\" class=\"alignleft size-full wp-image-359\" title=\"Bobe\" alt=\"\" src=\"http:\/\/atelierclermontfilmfest.files.wordpress.com\/2012\/10\/bobe.jpg\" width=\"80\" height=\"80\" \/><\/a>Charles BOBE \/ <i>Journaliste reporter d\u2019images<\/i><\/strong>\u2028\u2028 Journaliste de formation, il se sp\u00e9cialise dans la production audiovisuelle. R\u00e9dacteur de programmes courts pour TF1 et M6, il est aujourd\u2019hui chef d\u2019\u00e9dition news et magazines pour la cha\u00eene France 24. Il intervient \u00e9galement en tant que formateur \u00e0 la vid\u00e9o et aux techniques de tournage aupr\u00e8s de journalistes de presse.<\/p>\n<p style=\"text-align: justify;\"><strong><a href=\"http:\/\/atelierclermontfilmfest.files.wordpress.com\/2012\/10\/coadic.jpg\"><img decoding=\"async\" loading=\"lazy\" class=\"alignleft size-full wp-image-360\" title=\"Coadic\" alt=\"\" src=\"http:\/\/atelierclermontfilmfest.files.wordpress.com\/2012\/10\/coadic.jpg\" width=\"80\" height=\"80\" \/><\/a>Benjamin COADIC \/ <i>Chef monteur et cadreur<\/i>\u2028\u2028<\/strong> Formateur au montage virtuel chez lapins bleus formation depuis 2000, il est monteur de nombreux documentaires et travaille \u00e9galement \u00e0 la t\u00e9l\u00e9vision sur diff\u00e9rents magazines pour TF1\u00a0 \u00ab <i>Combien \u00e7a co\u00fbte<\/i> \u00bb, France 3 \u00ab <i>C\u2019est pas sorcier<\/i> \u00bb ou Canal + \u00ab <i>20h10 p\u00e9tantes <\/i>\u00bb.<\/p>\n<p style=\"text-align: justify;\"><strong><a href=\"http:\/\/atelierclermontfilmfest.files.wordpress.com\/2012\/10\/gagnant.jpg\"><img decoding=\"async\" loading=\"lazy\" class=\"alignleft size-full wp-image-361\" title=\"Gagnant\" alt=\"\" src=\"http:\/\/atelierclermontfilmfest.files.wordpress.com\/2012\/10\/gagnant.jpg\" width=\"78\" height=\"78\" \/><\/a>Lo\u00efc GAGNANT \/ <\/strong><i><strong>Formateur<\/strong>\u00a0<\/i>\u2028<i>\u2028<\/i>Il est le co-responsable avec Olivia Le Gal de l\u2019\u00e9tablissement secondaire de lapins bleus formation bas\u00e9 \u00e0 Lorient, lapins bleus Grand Ouest. Il coordonne l\u2019ensemble des stages propos\u00e9s en Bretagne. Il est \u00e9galement le co-fondateur dans cette m\u00eame ville de la soci\u00e9t\u00e9 Lyo production.<\/p>\n<p style=\"text-align: justify;\"><strong><a href=\"http:\/\/atelierclermontfilmfest.files.wordpress.com\/2012\/10\/delavigne.jpg\"><img decoding=\"async\" loading=\"lazy\" class=\"alignleft size-full wp-image-362\" title=\"Delavigne\" alt=\"\" src=\"http:\/\/atelierclermontfilmfest.files.wordpress.com\/2012\/10\/delavigne.jpg\" width=\"80\" height=\"80\" \/><\/a>Thibault DELAVIGNE \/ <\/strong><i><strong>Coordinateur et assistant image<\/strong>\u00a0<\/i>\u2028\u2028\u00c9tudiant en audiovisuel, il poursuit actuellement son apprentissage en BTS audiovisuel option image qu\u2019il r\u00e9alise en alternance avec un salaria chez lapins bleus formation.<\/p>\n","protected":false},"excerpt":{"rendered":"<p>L&rsquo;\u00e9quipe des Lapins Bleus \u00a0Jean-Marie BILLARD-MADRI\u00c8RES \/ Responsable p\u00e9dagogique\u00a0\u2028\u2028 \u00a0 \u00a0Photographe et monteur de formation, il cr\u00e9e il y a 10 ans lapins bleus formation, organisme de formation audiovisuelle, dont il continue aujourd\u2019hui de d\u00e9velopper l\u2019activit\u00e9. Il est \u00e0 l\u2019initiative de l\u2019atelier des lapins bleus au Festival International de Clermont-Ferrand.&#8230;<\/p>\n<p><a class='more-link' href='https:\/\/atelier-filmfest.com\/archives\/archives-2\/2010-2\/lapinsbleu\/'><span class='screen-reader-text'>Web TV Les Lapins Bleus<\/span><\/a><\/p>","protected":false},"author":3,"featured_media":0,"parent":332,"menu_order":2,"comment_status":"closed","ping_status":"closed","template":"","meta":[],"_links":{"self":[{"href":"https:\/\/atelier-filmfest.com\/archives\/wp-json\/wp\/v2\/pages\/364"}],"collection":[{"href":"https:\/\/atelier-filmfest.com\/archives\/wp-json\/wp\/v2\/pages"}],"about":[{"href":"https:\/\/atelier-filmfest.com\/archives\/wp-json\/wp\/v2\/types\/page"}],"author":[{"embeddable":true,"href":"https:\/\/atelier-filmfest.com\/archives\/wp-json\/wp\/v2\/users\/3"}],"replies":[{"embeddable":true,"href":"https:\/\/atelier-filmfest.com\/archives\/wp-json\/wp\/v2\/comments?post=364"}],"version-history":[{"count":1,"href":"https:\/\/atelier-filmfest.com\/archives\/wp-json\/wp\/v2\/pages\/364\/revisions"}],"predecessor-version":[{"id":6078,"href":"https:\/\/atelier-filmfest.com\/archives\/wp-json\/wp\/v2\/pages\/364\/revisions\/6078"}],"up":[{"embeddable":true,"href":"https:\/\/atelier-filmfest.com\/archives\/wp-json\/wp\/v2\/pages\/332"}],"wp:attachment":[{"href":"https:\/\/atelier-filmfest.com\/archives\/wp-json\/wp\/v2\/media?parent=364"}],"curies":[{"name":"wp","href":"https:\/\/api.w.org\/{rel}","templated":true}]}}

<p style="text-align: center;"><strong>L&rsquo;équipe des Lapins Bleus</strong></p>
<p style="text-align: center;">
<p style="text-align: justify;"><strong><a href="http://atelierclermontfilmfest.files.wordpress.com/2012/10/billard-madric3a8res.jpg"><img decoding="async" loading="lazy" class="alignleft size-full wp-image-356 aligncenter" title="Billard-Madrières" alt="" src="http://atelierclermontfilmfest.files.wordpress.com/2012/10/billard-madric3a8res.jpg" width="80" height="80" /></a> Jean-Marie BILLARD-MADRIÈRES / </strong><i><strong>Responsable pédagogique</strong> </i>      Photographe et monteur de formation, il crée il y a 10 ans lapins bleus formation, organisme de formation audiovisuelle, dont il continue aujourd’hui de développer l’activité. Il est à l’initiative de l’atelier des lapins bleus au Festival International de Clermont-Ferrand.</p>
<p style="text-align: justify;"><strong><a href="http://atelierclermontfilmfest.files.wordpress.com/2012/10/montagnac.jpg"><img decoding="async" loading="lazy" class="alignleft size-full wp-image-357" title="Montagnac" alt="" src="http://atelierclermontfilmfest.files.wordpress.com/2012/10/montagnac.jpg" width="80" height="80" /></a>Sylvain MONTAGNAC /<i>Réalisateur</i></strong> <i>  </i>Après des études en photographie, il est co-auteur en 2001 d’un court-métrage de ﬁction « <i>En attendant Paul</i> », aidé à l’écriture par la fondation Beaumarchais. En 2006 il écrit et réalise un court-métrage « <i>La Couleur</i> » ; en 2008 il coécrit et coréalise le documentaire « <i>Regards Croisés </i>» et en 2009, le         court-métrage «<i> L’oncle Vincent</i> ».</p>
<p style="text-align: justify;"><strong><a href="http://atelierclermontfilmfest.files.wordpress.com/2012/10/louis.jpg"><img decoding="async" loading="lazy" class="alignleft size-full wp-image-358" title="Louis" alt="" src="http://atelierclermontfilmfest.files.wordpress.com/2012/10/louis.jpg" width="60" height="60" /></a>Denis LOUIS / </strong><i><strong>Directeur de la photographie &amp; cadreur</strong> </i>  Il travaille pour le cinéma et la télévision, en fiction et documentaire. Son expérience de plus de 12 ans l’amène aujourd’hui à maîtriser les différents supports et formats (argentique &amp; numérique 4k, HD, etc.). Il œuvre notamment sur les courts métrages réalisés par Sylvain Montagnac.</p>
<p style="text-align: justify;"><strong><a href="http://atelierclermontfilmfest.files.wordpress.com/2012/10/bobe.jpg"><img decoding="async" loading="lazy" class="alignleft size-full wp-image-359" title="Bobe" alt="" src="http://atelierclermontfilmfest.files.wordpress.com/2012/10/bobe.jpg" width="80" height="80" /></a>Charles BOBE / <i>Journaliste reporter d’images</i></strong>   Journaliste de formation, il se spécialise dans la production audiovisuelle. Rédacteur de programmes courts pour TF1 et M6, il est aujourd’hui chef d’édition news et magazines pour la chaîne France 24. Il intervient également en tant que formateur à la vidéo et aux techniques de tournage auprès de journalistes de presse.</p>
<p style="text-align: justify;"><strong><a href="http://atelierclermontfilmfest.files.wordpress.com/2012/10/coadic.jpg"><img decoding="async" loading="lazy" class="alignleft size-full wp-image-360" title="Coadic" alt="" src="http://atelierclermontfilmfest.files.wordpress.com/2012/10/coadic.jpg" width="80" height="80" /></a>Benjamin COADIC / <i>Chef monteur et cadreur</i>  </strong> Formateur au montage virtuel chez lapins bleus formation depuis 2000, il est monteur de nombreux documentaires et travaille également à la télévision sur différents magazines pour TF1  « <i>Combien ça coûte</i> », France 3 « <i>C’est pas sorcier</i> » ou Canal + « <i>20h10 pétantes </i>».</p>
<p style="text-align: justify;"><strong><a href="http://atelierclermontfilmfest.files.wordpress.com/2012/10/gagnant.jpg"><img decoding="async" loading="lazy" class="alignleft size-full wp-image-361" title="Gagnant" alt="" src="http://atelierclermontfilmfest.files.wordpress.com/2012/10/gagnant.jpg" width="78" height="78" /></a>Loïc GAGNANT / </strong><i><strong>Formateur</strong> </i> <i> </i>Il est le co-responsable avec Olivia Le Gal de l’établissement secondaire de lapins bleus formation basé à Lorient, lapins bleus Grand Ouest. Il coordonne l’ensemble des stages proposés en Bretagne. Il est également le co-fondateur dans cette même ville de la société Lyo production.</p>
<p style="text-align: justify;"><strong><a href="http://atelierclermontfilmfest.files.wordpress.com/2012/10/delavigne.jpg"><img decoding="async" loading="lazy" class="alignleft size-full wp-image-362" title="Delavigne" alt="" src="http://atelierclermontfilmfest.files.wordpress.com/2012/10/delavigne.jpg" width="80" height="80" /></a>Thibault DELAVIGNE / </strong><i><strong>Coordinateur et assistant image</strong> </i>  Étudiant en audiovisuel, il poursuit actuellement son apprentissage en BTS audiovisuel option image qu’il réalise en alternance avec un salaria chez lapins bleus formation.</p>

<p>L&rsquo;équipe des Lapins Bleus  Jean-Marie BILLARD-MADRIÈRES / Responsable pédagogique       Photographe et monteur de formation, il crée il y a 10 ans lapins bleus formation, organisme de formation audiovisuelle, dont il continue aujourd’hui de développer l’activité. Il est à l’initiative de l’atelier des lapins bleus au Festival International de Clermont-Ferrand.&#8230;</p>
<p><a class='more-link' href='https://atelier-filmfest.com/archives/archives-2/2010-2/lapinsbleu/'><span class='screen-reader-text'>Web TV Les Lapins Bleus</span></a></p>
