 
 {"id":3701,"date":"2014-09-19T17:47:22","date_gmt":"2014-09-19T15:47:22","guid":{"rendered":"http:\/\/atelier-filmfest.com\/?page_id=3701"},"modified":"2021-03-24T21:26:58","modified_gmt":"2021-03-24T20:26:58","slug":"cnsm-de-lyon","status":"publish","type":"page","link":"https:\/\/atelier-filmfest.com\/archives\/cnsm-de-lyon\/","title":{"rendered":"CNSMD de Lyon"},"content":{"rendered":"<h4 style=\"text-align: center;\"><img decoding=\"async\" loading=\"lazy\" class=\"aligncenter size-full wp-image-3733\" src=\"http:\/\/atelier-filmfest.com\/wp-content\/uploads\/2014\/09\/cnsmd-lyon-batiment.jpg\" alt=\"cnsmd-lyon-batiment\" width=\"508\" height=\"334\" srcset=\"https:\/\/atelier-filmfest.com\/archives\/wp-content\/uploads\/2014\/09\/cnsmd-lyon-batiment.jpg 508w, https:\/\/atelier-filmfest.com\/archives\/wp-content\/uploads\/2014\/09\/cnsmd-lyon-batiment-300x197.jpg 300w\" sizes=\"(max-width: 508px) 100vw, 508px\" \/><\/h4>\n<h4 style=\"text-align: center;\"><strong>Classe de composition pour l\u2019Image du Conservatoire National Sup\u00e9rieur Musique et Danse de Lyon<\/strong><\/h4>\n<p>&nbsp;<\/p>\n<p style=\"text-align: justify;\"><span style=\"text-decoration: underline;\"><strong>L&rsquo;\u00c9COLE :<\/strong><\/span><\/p>\n<p style=\"text-align: left;\">La musique \u00e0 l&rsquo;image est aujourd&rsquo;hui un domaine reconnu de la composition o\u00f9 les d\u00e9bouch\u00e9s professionnels sont grands, tout autant que les possibilit\u00e9s d&rsquo;\u00e9volution, tant sur le plan artistique que technique. Le CNSMD de Lyon et pionnier en mati\u00e8re d&rsquo;enseignement de la musique \u00e0 l&rsquo;image. En 2004, Patrick millet a cr\u00e9e la classe de composition pour l&rsquo;image, premi\u00e8re du genre en France. Elle reste aujourd&rsquo;hui la seule au niveau national \u00e0 dipl\u00f4mer ses \u00e9tudiants en 1er (DNSPM) et 2\u00e8me Cycle (Master) de cette discipline.<\/p>\n<p style=\"text-align: left;\">Elle s&rsquo;adresse \u00e0 des compositeurs se destinant aux m\u00e9tiers de l&rsquo;image, cin\u00e9ma, publicit\u00e9, \u00e9missions t\u00e9l\u00e9visuelles, animation et monde du multim\u00e9dia.<\/p>\n<p style=\"text-align: left;\">Cette formation permet la r\u00e9alisation et l&rsquo;accompagnement de projets personnels avec un suivi de l\u2019\u00e9quipe p\u00e9dagogique et de personnalit\u00e9s (Stephen Warbeck, Pierre Adenot, Cyrille Aufort, Vladimir Cosma, J\u00e9r\u00f4me Lemonnier, Philippe Rombi, Nathaniel Mechaly, Christophe H\u00e9ral, Selma Mutal&#8230;). Elle permet aux compositeurs de d\u00e9velopper toutes les comp\u00e9tences n\u00e9cessaires \u00e0 ce m\u00e9tier en combinant un enseignement musical complet d\u2019une part (composition, orchestration et techniques de composition) offrant l\u2019opportunit\u00e9 de travailler aux c\u00f4t\u00e9s d\u2019instrumentistes de haut niveau et d\u2019autre part une approche et une utilisation approfondie des principaux outils informatiques de Musique Assist\u00e9e par Ordinateur (Logic Pro, Sibelius, Ableton&#8230;). Dot\u00e9e de plusieurs studios de travail professionnels, la classe de composition pour l\u2019image du CNSMD de Lyon s\u2019inscrit dans une dynamique forte d\u2019avenir.<\/p>\n<p style=\"text-align: left;\">Elle est aujourd\u2019hui compos\u00e9e de douze \u00e9tudiants, et dirig\u00e9e par Gilles Alonzo.<\/p>\n<ul>\n<li style=\"text-align: left;\">En savoir plus :\u00a0<strong><a href=\"http:\/\/www.cnsmd-lyon.fr\/\" target=\"_blank\" rel=\"noopener noreferrer\">Site Internet du CNSMD<\/a><\/strong><\/li>\n<\/ul>\n<p>&nbsp;<\/p>\n<p><img decoding=\"async\" loading=\"lazy\" class=\"aligncenter size-full wp-image-3732\" src=\"http:\/\/atelier-filmfest.com\/wp-content\/uploads\/2014\/09\/classe-musique-\u00e0-limage.jpeg\" alt=\"\" width=\"2048\" height=\"1362\" srcset=\"https:\/\/atelier-filmfest.com\/archives\/wp-content\/uploads\/2014\/09\/classe-musique-\u00e0-limage.jpeg 1200w, https:\/\/atelier-filmfest.com\/archives\/wp-content\/uploads\/2014\/09\/classe-musique-\u00e0-limage-300x199.jpeg 300w, https:\/\/atelier-filmfest.com\/archives\/wp-content\/uploads\/2014\/09\/classe-musique-\u00e0-limage-1024x681.jpeg 1024w, https:\/\/atelier-filmfest.com\/archives\/wp-content\/uploads\/2014\/09\/classe-musique-\u00e0-limage-526x350.jpeg 526w\" sizes=\"(max-width: 2048px) 100vw, 2048px\" \/><\/p>\n<p>&nbsp;<\/p>\n<p><span style=\"text-decoration: underline;\"><strong>L&rsquo;ATELIER :<\/strong><\/span><\/p>\n<p style=\"text-align: left;\">Durant le Festival International du Court M\u00e9trage de Clermont Ferrand, elle participe \u00e0 L\u2019Atelier, \u00e9cole \u00e9ph\u00e9m\u00e8re du Cin\u00e9ma, durant lequel elle propose de faire d\u00e9couvrir au plus grand nombre les coulisses du m\u00e9tier de compositeur pour l\u2019image. A cette occasion sera recr\u00e9\u00e9 les conditions d\u2019un enregistrement professionnel, pr\u00e9sentant toutes les \u00e9tapes de travail, de l\u2019enregistrement, en passant par le montage et le mixage des musiques. Pour se faire elle travaillera avec le concours de jeunes instrumentistes du <a href=\"https:\/\/atelier-filmfest.com\/conservatoire-emmanuel-chabrier\/\" target=\"_blank\" rel=\"noopener noreferrer\"><strong>CRR<\/strong><\/a> de Clermont-Ferrand sous la conduite d\u2019Hugo Villa, musicien professionnel.<\/p>\n<p>&nbsp;<\/p>\n<h5 style=\"text-align: left;\"><span style=\"color: #ffffff;\"><img decoding=\"async\" loading=\"lazy\" class=\"wp-image-4497 aligncenter\" src=\"http:\/\/atelier-filmfest.com\/wp-content\/uploads\/2014\/09\/cnsmd_logo_3c-2.jpg\" alt=\"cnsmd_logo_3c-2\" width=\"303\" height=\"144\" srcset=\"https:\/\/atelier-filmfest.com\/archives\/wp-content\/uploads\/2014\/09\/cnsmd_logo_3c-2.jpg 1200w, https:\/\/atelier-filmfest.com\/archives\/wp-content\/uploads\/2014\/09\/cnsmd_logo_3c-2-300x143.jpg 300w, https:\/\/atelier-filmfest.com\/archives\/wp-content\/uploads\/2014\/09\/cnsmd_logo_3c-2-768x365.jpg 768w, https:\/\/atelier-filmfest.com\/archives\/wp-content\/uploads\/2014\/09\/cnsmd_logo_3c-2-1024x487.jpg 1024w, https:\/\/atelier-filmfest.com\/archives\/wp-content\/uploads\/2014\/09\/cnsmd_logo_3c-2-700x333.jpg 700w\" sizes=\"(max-width: 303px) 100vw, 303px\" \/><\/span><\/h5>\n","protected":false},"excerpt":{"rendered":"<p>Classe de composition pour l\u2019Image du Conservatoire National Sup\u00e9rieur Musique et Danse de Lyon &nbsp; L&rsquo;\u00c9COLE : La musique \u00e0 l&rsquo;image est aujourd&rsquo;hui un domaine reconnu de la composition o\u00f9 les d\u00e9bouch\u00e9s professionnels sont grands, tout autant que les possibilit\u00e9s d&rsquo;\u00e9volution, tant sur le plan artistique que technique. Le CNSMD&#8230;<\/p>\n<p><a class='more-link' href='https:\/\/atelier-filmfest.com\/archives\/cnsm-de-lyon\/'><span class='screen-reader-text'>CNSMD de Lyon<\/span><\/a><\/p>","protected":false},"author":2,"featured_media":0,"parent":0,"menu_order":0,"comment_status":"closed","ping_status":"closed","template":"","meta":[],"_links":{"self":[{"href":"https:\/\/atelier-filmfest.com\/archives\/wp-json\/wp\/v2\/pages\/3701"}],"collection":[{"href":"https:\/\/atelier-filmfest.com\/archives\/wp-json\/wp\/v2\/pages"}],"about":[{"href":"https:\/\/atelier-filmfest.com\/archives\/wp-json\/wp\/v2\/types\/page"}],"author":[{"embeddable":true,"href":"https:\/\/atelier-filmfest.com\/archives\/wp-json\/wp\/v2\/users\/2"}],"replies":[{"embeddable":true,"href":"https:\/\/atelier-filmfest.com\/archives\/wp-json\/wp\/v2\/comments?post=3701"}],"version-history":[{"count":1,"href":"https:\/\/atelier-filmfest.com\/archives\/wp-json\/wp\/v2\/pages\/3701\/revisions"}],"predecessor-version":[{"id":6106,"href":"https:\/\/atelier-filmfest.com\/archives\/wp-json\/wp\/v2\/pages\/3701\/revisions\/6106"}],"wp:attachment":[{"href":"https:\/\/atelier-filmfest.com\/archives\/wp-json\/wp\/v2\/media?parent=3701"}],"curies":[{"name":"wp","href":"https:\/\/api.w.org\/{rel}","templated":true}]}}