 
 {"id":386,"date":"2012-10-19T15:22:08","date_gmt":"2012-10-19T14:22:08","guid":{"rendered":"http:\/\/atelierclermontfilmfest.wordpress.com\/?page_id=386"},"modified":"2021-03-24T21:26:58","modified_gmt":"2021-03-24T20:26:58","slug":"tous-a-clermont-2","status":"publish","type":"page","link":"https:\/\/atelier-filmfest.com\/archives\/archives-2\/2010-2\/lapinsbleu\/tous-a-clermont-2\/","title":{"rendered":"Tous \u00e0 Clermont 2"},"content":{"rendered":"<p><b>REPORTAGE\u00a0 :<\/b><b> \u00ab TOUS A CLERMONT 2 \u00bb<\/b><\/p>\n<p>http:\/\/www.dailymotion.com\/video\/xc3ten_tous-a-clermont-2-atelier-des-lapin_news#from=embed<\/p>\n<p><i>par <\/i><a href=\"http:\/\/www.dailymotion.com\/lapins-bleus-formation\"><i>lapins-bleus-formation<\/i><\/a><\/p>\n<p><b>DESCRIPTION : <\/b><b>Dans ce second reportage l&rsquo;atelier des lapins bleus vous fait partager quelques autres moments du festival : il est d&rsquo;abord question de la r\u00e9trospective sur le Maroc puis c&rsquo;est le mot du Pr\u00e9sident de Sauve qui peut le court m\u00e9trage (Jean-Claude Saurel) suivit d&rsquo;un passage par l&rsquo;exposition \u00ab\u00a0L&rsquo;horreur est humaine\u00a0\u00bb et pour terminer la remise de la M\u00e9daille de la ville aux membres du jury du festival.<\/b><\/p>\n","protected":false},"excerpt":{"rendered":"<p>REPORTAGE\u00a0 : \u00ab TOUS A CLERMONT 2 \u00bb http:\/\/www.dailymotion.com\/video\/xc3ten_tous-a-clermont-2-atelier-des-lapin_news#from=embed par lapins-bleus-formation DESCRIPTION : Dans ce second reportage l&rsquo;atelier des lapins bleus vous fait partager quelques autres moments du festival : il est d&rsquo;abord question de la r\u00e9trospective sur le Maroc puis c&rsquo;est le mot du Pr\u00e9sident de Sauve qui peut&#8230;<\/p>\n<p><a class='more-link' href='https:\/\/atelier-filmfest.com\/archives\/archives-2\/2010-2\/lapinsbleu\/tous-a-clermont-2\/'><span class='screen-reader-text'>Tous \u00e0 Clermont 2<\/span><\/a><\/p>","protected":false},"author":3,"featured_media":0,"parent":364,"menu_order":2,"comment_status":"closed","ping_status":"closed","template":"","meta":[],"_links":{"self":[{"href":"https:\/\/atelier-filmfest.com\/archives\/wp-json\/wp\/v2\/pages\/386"}],"collection":[{"href":"https:\/\/atelier-filmfest.com\/archives\/wp-json\/wp\/v2\/pages"}],"about":[{"href":"https:\/\/atelier-filmfest.com\/archives\/wp-json\/wp\/v2\/types\/page"}],"author":[{"embeddable":true,"href":"https:\/\/atelier-filmfest.com\/archives\/wp-json\/wp\/v2\/users\/3"}],"replies":[{"embeddable":true,"href":"https:\/\/atelier-filmfest.com\/archives\/wp-json\/wp\/v2\/comments?post=386"}],"version-history":[{"count":1,"href":"https:\/\/atelier-filmfest.com\/archives\/wp-json\/wp\/v2\/pages\/386\/revisions"}],"predecessor-version":[{"id":6082,"href":"https:\/\/atelier-filmfest.com\/archives\/wp-json\/wp\/v2\/pages\/386\/revisions\/6082"}],"up":[{"embeddable":true,"href":"https:\/\/atelier-filmfest.com\/archives\/wp-json\/wp\/v2\/pages\/364"}],"wp:attachment":[{"href":"https:\/\/atelier-filmfest.com\/archives\/wp-json\/wp\/v2\/media?parent=386"}],"curies":[{"name":"wp","href":"https:\/\/api.w.org\/{rel}","templated":true}]}}

Tous à Clermont 2

<p><b>REPORTAGE  :</b><b> « TOUS A CLERMONT 2 »</b></p>
<p>http://www.dailymotion.com/video/xc3ten_tous-a-clermont-2-atelier-des-lapin_news#from=embed</p>
<p><i>par </i><a href="http://www.dailymotion.com/lapins-bleus-formation"><i>lapins-bleus-formation</i></a></p>
<p><b>DESCRIPTION : </b><b>Dans ce second reportage l&rsquo;atelier des lapins bleus vous fait partager quelques autres moments du festival : il est d&rsquo;abord question de la rétrospective sur le Maroc puis c&rsquo;est le mot du Président de Sauve qui peut le court métrage (Jean-Claude Saurel) suivit d&rsquo;un passage par l&rsquo;exposition « L&rsquo;horreur est humaine » et pour terminer la remise de la Médaille de la ville aux membres du jury du festival.</b></p>

<p>REPORTAGE  : « TOUS A CLERMONT 2 » http://www.dailymotion.com/video/xc3ten_tous-a-clermont-2-atelier-des-lapin_news#from=embed par lapins-bleus-formation DESCRIPTION : Dans ce second reportage l&rsquo;atelier des lapins bleus vous fait partager quelques autres moments du festival : il est d&rsquo;abord question de la rétrospective sur le Maroc puis c&rsquo;est le mot du Président de Sauve qui peut&#8230;</p>
<p><a class='more-link' href='https://atelier-filmfest.com/archives/archives-2/2010-2/lapinsbleu/tous-a-clermont-2/'><span class='screen-reader-text'>Tous à Clermont 2</span></a></p>
