 
 {"id":389,"date":"2012-10-19T15:24:02","date_gmt":"2012-10-19T14:24:02","guid":{"rendered":"http:\/\/atelierclermontfilmfest.wordpress.com\/?page_id=389"},"modified":"2021-03-24T21:26:58","modified_gmt":"2021-03-24T20:26:58","slug":"tous-a-clermont-3","status":"publish","type":"page","link":"https:\/\/atelier-filmfest.com\/archives\/archives-2\/2010-2\/lapinsbleu\/tous-a-clermont-3\/","title":{"rendered":"Tous \u00e0 Clermont 3"},"content":{"rendered":"<p><b>REPORTAGE\u00a0 :<\/b><b> \u00ab TOUS A CLERMONT 3 \u00bb<\/b><\/p>\n<p>http:\/\/www.dailymotion.com\/video\/xc3qdf_tous-a-clermont-3-atelier-des-lapin_news#from=embed<\/p>\n<p><i>par <\/i><a href=\"http:\/\/www.dailymotion.com\/lapins-bleus-formation\"><i>lapins-bleus-formation<\/i><\/a><\/p>\n<p><b>DESCRIPTION : <\/b><b>Notre \u00e9quipe part \u00e0 la rencontre d&rsquo;un projectionniste du festival et de l&rsquo;organisateur du panorama \u00ab\u00a0Morts Vivants\u00a0\u00bb. La derni\u00e8re partie du reportage met l&rsquo;accent sur l&rsquo;Atelier \u00e9cole \u00e9ph\u00e9m\u00e8rede cin\u00e9ma, o\u00f9 diff\u00e9rentes \u00e9coles et centres de formation pr\u00e9sentent leurs activit\u00e9s et proposent des d\u00e9monstrations au public.<\/b><\/p>\n","protected":false},"excerpt":{"rendered":"<p>REPORTAGE\u00a0 : \u00ab TOUS A CLERMONT 3 \u00bb http:\/\/www.dailymotion.com\/video\/xc3qdf_tous-a-clermont-3-atelier-des-lapin_news#from=embed par lapins-bleus-formation DESCRIPTION : Notre \u00e9quipe part \u00e0 la rencontre d&rsquo;un projectionniste du festival et de l&rsquo;organisateur du panorama \u00ab\u00a0Morts Vivants\u00a0\u00bb. La derni\u00e8re partie du reportage met l&rsquo;accent sur l&rsquo;Atelier \u00e9cole \u00e9ph\u00e9m\u00e8rede cin\u00e9ma, o\u00f9 diff\u00e9rentes \u00e9coles et centres de formation pr\u00e9sentent&#8230;<\/p>\n<p><a class='more-link' href='https:\/\/atelier-filmfest.com\/archives\/archives-2\/2010-2\/lapinsbleu\/tous-a-clermont-3\/'><span class='screen-reader-text'>Tous \u00e0 Clermont 3<\/span><\/a><\/p>","protected":false},"author":3,"featured_media":0,"parent":364,"menu_order":3,"comment_status":"closed","ping_status":"closed","template":"","meta":[],"_links":{"self":[{"href":"https:\/\/atelier-filmfest.com\/archives\/wp-json\/wp\/v2\/pages\/389"}],"collection":[{"href":"https:\/\/atelier-filmfest.com\/archives\/wp-json\/wp\/v2\/pages"}],"about":[{"href":"https:\/\/atelier-filmfest.com\/archives\/wp-json\/wp\/v2\/types\/page"}],"author":[{"embeddable":true,"href":"https:\/\/atelier-filmfest.com\/archives\/wp-json\/wp\/v2\/users\/3"}],"replies":[{"embeddable":true,"href":"https:\/\/atelier-filmfest.com\/archives\/wp-json\/wp\/v2\/comments?post=389"}],"version-history":[{"count":1,"href":"https:\/\/atelier-filmfest.com\/archives\/wp-json\/wp\/v2\/pages\/389\/revisions"}],"predecessor-version":[{"id":6083,"href":"https:\/\/atelier-filmfest.com\/archives\/wp-json\/wp\/v2\/pages\/389\/revisions\/6083"}],"up":[{"embeddable":true,"href":"https:\/\/atelier-filmfest.com\/archives\/wp-json\/wp\/v2\/pages\/364"}],"wp:attachment":[{"href":"https:\/\/atelier-filmfest.com\/archives\/wp-json\/wp\/v2\/media?parent=389"}],"curies":[{"name":"wp","href":"https:\/\/api.w.org\/{rel}","templated":true}]}}

Tous à Clermont 3

<p><b>REPORTAGE  :</b><b> « TOUS A CLERMONT 3 »</b></p>
<p>http://www.dailymotion.com/video/xc3qdf_tous-a-clermont-3-atelier-des-lapin_news#from=embed</p>
<p><i>par </i><a href="http://www.dailymotion.com/lapins-bleus-formation"><i>lapins-bleus-formation</i></a></p>
<p><b>DESCRIPTION : </b><b>Notre équipe part à la rencontre d&rsquo;un projectionniste du festival et de l&rsquo;organisateur du panorama « Morts Vivants ». La dernière partie du reportage met l&rsquo;accent sur l&rsquo;Atelier école éphémèrede cinéma, où différentes écoles et centres de formation présentent leurs activités et proposent des démonstrations au public.</b></p>

<p>REPORTAGE  : « TOUS A CLERMONT 3 » http://www.dailymotion.com/video/xc3qdf_tous-a-clermont-3-atelier-des-lapin_news#from=embed par lapins-bleus-formation DESCRIPTION : Notre équipe part à la rencontre d&rsquo;un projectionniste du festival et de l&rsquo;organisateur du panorama « Morts Vivants ». La dernière partie du reportage met l&rsquo;accent sur l&rsquo;Atelier école éphémèrede cinéma, où différentes écoles et centres de formation présentent&#8230;</p>
<p><a class='more-link' href='https://atelier-filmfest.com/archives/archives-2/2010-2/lapinsbleu/tous-a-clermont-3/'><span class='screen-reader-text'>Tous à Clermont 3</span></a></p>
