 
 {"id":392,"date":"2012-10-19T15:25:35","date_gmt":"2012-10-19T14:25:35","guid":{"rendered":"http:\/\/atelierclermontfilmfest.wordpress.com\/?page_id=392"},"modified":"2021-03-24T21:26:58","modified_gmt":"2021-03-24T20:26:58","slug":"tous-a-clermont-4","status":"publish","type":"page","link":"https:\/\/atelier-filmfest.com\/archives\/archives-2\/2010-2\/lapinsbleu\/tous-a-clermont-4\/","title":{"rendered":"Tous \u00e0 Clermont 4"},"content":{"rendered":"<p>&nbsp;<\/p>\n<p><b>REPORTAGE :<\/b><b> \u00ab TOUS A CLERMONT 4 \u00bb<\/b><\/p>\n<p>&nbsp;<\/p>\n<p><b>MOYENS TECHNIQUES\u00a0: <\/b><b>Dans ce reportage il est question de deux autres \u00e9v\u00e8nements du festival de Clermont-Ferrand : le March\u00e9 du film et La caravane ensorcel\u00e9e.<\/b><\/p>\n","protected":false},"excerpt":{"rendered":"<p>&nbsp; REPORTAGE : \u00ab TOUS A CLERMONT 4 \u00bb &nbsp; MOYENS TECHNIQUES\u00a0: Dans ce reportage il est question de deux autres \u00e9v\u00e8nements du festival de Clermont-Ferrand : le March\u00e9 du film et La caravane ensorcel\u00e9e.<\/p>\n<p><a class='more-link' href='https:\/\/atelier-filmfest.com\/archives\/archives-2\/2010-2\/lapinsbleu\/tous-a-clermont-4\/'><span class='screen-reader-text'>Tous \u00e0 Clermont 4<\/span><\/a><\/p>","protected":false},"author":3,"featured_media":0,"parent":364,"menu_order":4,"comment_status":"closed","ping_status":"closed","template":"","meta":[],"_links":{"self":[{"href":"https:\/\/atelier-filmfest.com\/archives\/wp-json\/wp\/v2\/pages\/392"}],"collection":[{"href":"https:\/\/atelier-filmfest.com\/archives\/wp-json\/wp\/v2\/pages"}],"about":[{"href":"https:\/\/atelier-filmfest.com\/archives\/wp-json\/wp\/v2\/types\/page"}],"author":[{"embeddable":true,"href":"https:\/\/atelier-filmfest.com\/archives\/wp-json\/wp\/v2\/users\/3"}],"replies":[{"embeddable":true,"href":"https:\/\/atelier-filmfest.com\/archives\/wp-json\/wp\/v2\/comments?post=392"}],"version-history":[{"count":1,"href":"https:\/\/atelier-filmfest.com\/archives\/wp-json\/wp\/v2\/pages\/392\/revisions"}],"predecessor-version":[{"id":6084,"href":"https:\/\/atelier-filmfest.com\/archives\/wp-json\/wp\/v2\/pages\/392\/revisions\/6084"}],"up":[{"embeddable":true,"href":"https:\/\/atelier-filmfest.com\/archives\/wp-json\/wp\/v2\/pages\/364"}],"wp:attachment":[{"href":"https:\/\/atelier-filmfest.com\/archives\/wp-json\/wp\/v2\/media?parent=392"}],"curies":[{"name":"wp","href":"https:\/\/api.w.org\/{rel}","templated":true}]}}

Tous à Clermont 4

<p>&nbsp;</p>
<p><b>REPORTAGE :</b><b> « TOUS A CLERMONT 4 »</b></p>
<p>&nbsp;</p>
<p><b>MOYENS TECHNIQUES : </b><b>Dans ce reportage il est question de deux autres évènements du festival de Clermont-Ferrand : le Marché du film et La caravane ensorcelée.</b></p>

<p>&nbsp; REPORTAGE : « TOUS A CLERMONT 4 » &nbsp; MOYENS TECHNIQUES : Dans ce reportage il est question de deux autres évènements du festival de Clermont-Ferrand : le Marché du film et La caravane ensorcelée.</p>
<p><a class='more-link' href='https://atelier-filmfest.com/archives/archives-2/2010-2/lapinsbleu/tous-a-clermont-4/'><span class='screen-reader-text'>Tous à Clermont 4</span></a></p>
