 
 {"id":3997,"date":"2015-10-28T15:06:30","date_gmt":"2015-10-28T14:06:30","guid":{"rendered":"http:\/\/atelier-filmfest.com\/?page_id=3997"},"modified":"2021-03-24T21:26:58","modified_gmt":"2021-03-24T20:26:58","slug":"esc-clermont","status":"publish","type":"page","link":"https:\/\/atelier-filmfest.com\/archives\/esc-clermont\/","title":{"rendered":"Groupe ESC Clermont"},"content":{"rendered":"<p dir=\"ltr\" style=\"text-align: justify;\">\n<p><a href=\"http:\/\/atelier-filmfest.com\/esc-clermont\/photo-ecole-esc\/\" rel=\"attachment wp-att-5151\"><img decoding=\"async\" loading=\"lazy\" class=\"aligncenter size-full wp-image-5151\" src=\"http:\/\/atelier-filmfest.com\/wp-content\/uploads\/2018\/12\/Photo-\u00c9cole-ESC.jpg\" alt=\"\" width=\"1200\" height=\"800\" srcset=\"https:\/\/atelier-filmfest.com\/archives\/wp-content\/uploads\/2018\/12\/Photo-\u00c9cole-ESC.jpg 1200w, https:\/\/atelier-filmfest.com\/archives\/wp-content\/uploads\/2018\/12\/Photo-\u00c9cole-ESC-300x200.jpg 300w, https:\/\/atelier-filmfest.com\/archives\/wp-content\/uploads\/2018\/12\/Photo-\u00c9cole-ESC-768x512.jpg 768w, https:\/\/atelier-filmfest.com\/archives\/wp-content\/uploads\/2018\/12\/Photo-\u00c9cole-ESC-1024x683.jpg 1024w, https:\/\/atelier-filmfest.com\/archives\/wp-content\/uploads\/2018\/12\/Photo-\u00c9cole-ESC-525x350.jpg 525w\" sizes=\"(max-width: 1200px) 100vw, 1200px\" \/><\/a><\/p>\n<p>L\u2019Ecole Sup\u00e9rieure de Commerce de Clermont, centenaire en 2019, transforme son auditorium en salle de projection du Festival depuis 1997 et re\u00e7oit L\u2019Atelier dans ses murs pour la quatri\u00e8me ann\u00e9e cons\u00e9cutive.<\/p>\n<p>La pr\u00e9paration et la tenue de L\u2019Atelier entrent dans le cadre d\u2019un \u00ab Grand Projet Ev\u00e9nementiel \u00bb, g\u00e9r\u00e9 par les \u00e9tudiants de premi\u00e8re ann\u00e9e du Master Grande Ecole. Ces derniers travaillent autour de la communication de L\u2019Atelier et l\u2019accueil des publics\u00a0<em>in situ<\/em>\u00a0: des professionnels et \u00e9tudiants qui sont pr\u00e9sents pour animer l\u2019\u00e9cole \u00e9ph\u00e9m\u00e8re du cin\u00e9ma aux simples visiteurs et scolaires venus d\u00e9couvrir la fabrique d\u2019un film.<\/p>\n<p>Au-del\u00e0 du projet p\u00e9dagogique, la pr\u00e9sence de l\u2019Atelier en ses murs marque aussi l\u2019engagement du Groupe ESC Clermont aupr\u00e8s des acteurs \u00e9conomiques, culturels et de l\u2019enseignement du territoire ainsi que son ouverture et ses nombreux liens \u00e0 l\u2019international. Elle est, notamment, repr\u00e9sent\u00e9e aujourd\u2019hui par plus de 12000 dipl\u00f4m\u00e9s vivant et travaillant \u00e0 travers le monde entier.<\/p>\n<p dir=\"ltr\" style=\"text-align: left;\"><a href=\"http:\/\/www.esc-clermont.fr\" target=\"_blank\" rel=\"noopener\">Site Internet de l&rsquo;ESC<\/a><\/p>\n<p dir=\"ltr\" style=\"text-align: justify;\"><a href=\"http:\/\/atelier-filmfest.com\/wp-content\/uploads\/2015\/11\/401420-fbs-clermont-defs-01-510x_.jpg\"><img decoding=\"async\" loading=\"lazy\" class=\" wp-image-3998 size-full aligncenter\" src=\"http:\/\/atelier-filmfest.com\/wp-content\/uploads\/2015\/10\/esc.png\" alt=\"esc\" width=\"226\" height=\"135\" \/><\/a><\/p>\n","protected":false},"excerpt":{"rendered":"<p>L\u2019Ecole Sup\u00e9rieure de Commerce de Clermont, centenaire en 2019, transforme son auditorium en salle de projection du Festival depuis 1997 et re\u00e7oit L\u2019Atelier dans ses murs pour la quatri\u00e8me ann\u00e9e cons\u00e9cutive. La pr\u00e9paration et la tenue de L\u2019Atelier entrent dans le cadre d\u2019un \u00ab Grand Projet Ev\u00e9nementiel \u00bb, g\u00e9r\u00e9 par&#8230;<\/p>\n<p><a class='more-link' href='https:\/\/atelier-filmfest.com\/archives\/esc-clermont\/'><span class='screen-reader-text'>Groupe ESC Clermont<\/span><\/a><\/p>","protected":false},"author":6,"featured_media":0,"parent":0,"menu_order":0,"comment_status":"closed","ping_status":"open","template":"","meta":[],"_links":{"self":[{"href":"https:\/\/atelier-filmfest.com\/archives\/wp-json\/wp\/v2\/pages\/3997"}],"collection":[{"href":"https:\/\/atelier-filmfest.com\/archives\/wp-json\/wp\/v2\/pages"}],"about":[{"href":"https:\/\/atelier-filmfest.com\/archives\/wp-json\/wp\/v2\/types\/page"}],"author":[{"embeddable":true,"href":"https:\/\/atelier-filmfest.com\/archives\/wp-json\/wp\/v2\/users\/6"}],"replies":[{"embeddable":true,"href":"https:\/\/atelier-filmfest.com\/archives\/wp-json\/wp\/v2\/comments?post=3997"}],"version-history":[{"count":1,"href":"https:\/\/atelier-filmfest.com\/archives\/wp-json\/wp\/v2\/pages\/3997\/revisions"}],"predecessor-version":[{"id":6121,"href":"https:\/\/atelier-filmfest.com\/archives\/wp-json\/wp\/v2\/pages\/3997\/revisions\/6121"}],"wp:attachment":[{"href":"https:\/\/atelier-filmfest.com\/archives\/wp-json\/wp\/v2\/media?parent=3997"}],"curies":[{"name":"wp","href":"https:\/\/api.w.org\/{rel}","templated":true}]}}

<p dir="ltr" style="text-align: justify;">
<p><a href="http://atelier-filmfest.com/esc-clermont/photo-ecole-esc/" rel="attachment wp-att-5151"><img decoding="async" loading="lazy" class="aligncenter size-full wp-image-5151" src="http://atelier-filmfest.com/wp-content/uploads/2018/12/Photo-École-ESC.jpg" alt="" width="1200" height="800" srcset="https://atelier-filmfest.com/archives/wp-content/uploads/2018/12/Photo-École-ESC.jpg 1200w, https://atelier-filmfest.com/archives/wp-content/uploads/2018/12/Photo-École-ESC-300x200.jpg 300w, https://atelier-filmfest.com/archives/wp-content/uploads/2018/12/Photo-École-ESC-768x512.jpg 768w, https://atelier-filmfest.com/archives/wp-content/uploads/2018/12/Photo-École-ESC-1024x683.jpg 1024w, https://atelier-filmfest.com/archives/wp-content/uploads/2018/12/Photo-École-ESC-525x350.jpg 525w" sizes="(max-width: 1200px) 100vw, 1200px" /></a></p>
<p>L’Ecole Supérieure de Commerce de Clermont, centenaire en 2019, transforme son auditorium en salle de projection du Festival depuis 1997 et reçoit L’Atelier dans ses murs pour la quatrième année consécutive.</p>
<p>La préparation et la tenue de L’Atelier entrent dans le cadre d’un « Grand Projet Evénementiel », géré par les étudiants de première année du Master Grande Ecole. Ces derniers travaillent autour de la communication de L’Atelier et l’accueil des publics <em>in situ</em> : des professionnels et étudiants qui sont présents pour animer l’école éphémère du cinéma aux simples visiteurs et scolaires venus découvrir la fabrique d’un film.</p>
<p>Au-delà du projet pédagogique, la présence de l’Atelier en ses murs marque aussi l’engagement du Groupe ESC Clermont auprès des acteurs économiques, culturels et de l’enseignement du territoire ainsi que son ouverture et ses nombreux liens à l’international. Elle est, notamment, représentée aujourd’hui par plus de 12000 diplômés vivant et travaillant à travers le monde entier.</p>
<p dir="ltr" style="text-align: left;"><a href="http://www.esc-clermont.fr" target="_blank" rel="noopener">Site Internet de l&rsquo;ESC</a></p>
<p dir="ltr" style="text-align: justify;"><a href="http://atelier-filmfest.com/wp-content/uploads/2015/11/401420-fbs-clermont-defs-01-510x_.jpg"><img decoding="async" loading="lazy" class=" wp-image-3998 size-full aligncenter" src="http://atelier-filmfest.com/wp-content/uploads/2015/10/esc.png" alt="esc" width="226" height="135" /></a></p>

<p>L’Ecole Supérieure de Commerce de Clermont, centenaire en 2019, transforme son auditorium en salle de projection du Festival depuis 1997 et reçoit L’Atelier dans ses murs pour la quatrième année consécutive. La préparation et la tenue de L’Atelier entrent dans le cadre d’un « Grand Projet Evénementiel », géré par&#8230;</p>
<p><a class='more-link' href='https://atelier-filmfest.com/archives/esc-clermont/'><span class='screen-reader-text'>Groupe ESC Clermont</span></a></p>
