 
 {"id":4422,"date":"2016-10-26T10:05:49","date_gmt":"2016-10-26T08:05:49","guid":{"rendered":"http:\/\/atelier-filmfest.com\/?page_id=4422"},"modified":"2021-03-24T21:26:58","modified_gmt":"2021-03-24T20:26:58","slug":"arfis","status":"publish","type":"page","link":"https:\/\/atelier-filmfest.com\/archives\/arfis\/","title":{"rendered":"ARFIS"},"content":{"rendered":"<p>&nbsp;<\/p>\n<p><strong><span style=\"text-decoration: underline;\">L&rsquo;\u00c9COLE :<\/span><\/strong><\/p>\n<p>ARFIS ECOLE a \u00e9t\u00e9 cr\u00e9e en 1989 par des professionnels du cin\u00e9ma, de l\u2019audiovisuel, et des vid\u00e9astes. Depuis sa naissance l\u2019\u00e9cole propose un acc\u00e8s \u00e0 des m\u00e9tiers passionnants, exigeants dans les domaines de l\u2019Image, du Son, du Montage, de l\u2019Assistanat de r\u00e9alisation, de la Production, du Scripte et aujourd\u2019hui du Digital media.<\/p>\n<p>Le cycle de formation dure trois ann\u00e9es post-bac, valid\u00e9 par un Titre Certifi\u00e9 par l\u2019Etat de niveau 2 (niveau 6 Europ\u00e9en), et \u00e0 hauteur de 180 cr\u00e9dits ECTS.<br \/>\nLa Premi\u00e8re ann\u00e9e est pluridisciplinaire et vise \u00e0 faire acqu\u00e9rir les bases th\u00e9oriques et pratiques n\u00e9cessaire pour \u00e9voluer dans ces m\u00e9tiers.<br \/>\nLa deuxi\u00e8me ann\u00e9e est une p\u00e9riode de sp\u00e9cialisation dans l\u2019une des sept fili\u00e8res propos\u00e9es.<br \/>\nLa troisi\u00e8me ann\u00e9e est une ann\u00e9e d\u2019alternance de stages et de productions internes.<br \/>\nLe cycle se cl\u00f4t avec le passage devant un Jury de professionnels pour une \u00e9valuation des acquis et des comp\u00e9tences.<\/p>\n<p>Situ\u00e9e \u00e0 Villeurbanne, dans l\u2019Est de Lyon, l\u2019\u00e9cole propose 2000 m\u00e8tres\/carr\u00e9s de locaux d\u00e9di\u00e9s, \u00e9quip\u00e9s professionnellement. L\u2019imm\u00e9diate proximit\u00e9 du P\u00f4le Pixel assure une liaison naturelle entre le monde de la formation et le monde professionnel.<\/p>\n<p>L\u2019\u00e9quipe p\u00e9dagogique compos\u00e9e de 45 intervenant(e)s toutes et tous professionnel(le)s reconnues est un atout majeur de l\u2019\u00e9cole. Au del\u00e0 de la n\u00e9cessaire maitrise technique, cette \u00e9quipe va aussi transmettre, tout au long des trois ann\u00e9es, une r\u00e9elle expertise artistique, culturelle, et humaine, qui permettra aux \u00e9tudiant(e)s une insertion professionnelle solide.<\/p>\n<ul>\n<li>En savoir plus :\u00a0<strong><a href=\"https:\/\/www.arfis.com\/\" target=\"_blank\" rel=\"noopener noreferrer\">Site Internet ARFIS<\/a><\/strong><\/li>\n<\/ul>\n<p>&nbsp;<\/p>\n<p><strong><span style=\"text-decoration: underline;\">L&rsquo;ATELIER :<\/span><\/strong><\/p>\n<p>L\u2019Atelier que l\u2019\u00e9cole propose pour le Festival de Clermont Ferrand va permettre de montrer au public un mixage professionnel en Dolby Atmos, c\u2019est \u00e0 dire en utilisant au maximum les capacit\u00e9s d\u2019immersivit\u00e9 qu\u2019offrent aujourd\u2019hui ces technologies.<br \/>\nIl s\u2019agit de combiner les m\u00e9thodes de mixage traditionnelles (st\u00e9r\u00e9o et 5.1) avec un mixage dynamique dans lequel le mixeur dispose d\u2019un contr\u00f4le total sur le placement et le mouvement des sons.<\/p>\n<p>&nbsp;<\/p>\n<p><img decoding=\"async\" loading=\"lazy\" class=\"aligncenter wp-image-5092\" src=\"http:\/\/atelier-filmfest.com\/wp-content\/uploads\/2018\/11\/logo-normalis\u00e9.jpg\" alt=\"\" width=\"570\" height=\"363\" srcset=\"https:\/\/atelier-filmfest.com\/archives\/wp-content\/uploads\/2018\/11\/logo-normalis\u00e9.jpg 760w, https:\/\/atelier-filmfest.com\/archives\/wp-content\/uploads\/2018\/11\/logo-normalis\u00e9-300x191.jpg 300w, https:\/\/atelier-filmfest.com\/archives\/wp-content\/uploads\/2018\/11\/logo-normalis\u00e9-550x350.jpg 550w\" sizes=\"(max-width: 570px) 100vw, 570px\" \/><\/p>\n","protected":false},"excerpt":{"rendered":"<p>&nbsp; L&rsquo;\u00c9COLE : ARFIS ECOLE a \u00e9t\u00e9 cr\u00e9e en 1989 par des professionnels du cin\u00e9ma, de l\u2019audiovisuel, et des vid\u00e9astes. Depuis sa naissance l\u2019\u00e9cole propose un acc\u00e8s \u00e0 des m\u00e9tiers passionnants, exigeants dans les domaines de l\u2019Image, du Son, du Montage, de l\u2019Assistanat de r\u00e9alisation, de la Production, du Scripte&#8230;<\/p>\n<p><a class='more-link' href='https:\/\/atelier-filmfest.com\/archives\/arfis\/'><span class='screen-reader-text'>ARFIS<\/span><\/a><\/p>","protected":false},"author":6,"featured_media":0,"parent":0,"menu_order":0,"comment_status":"closed","ping_status":"closed","template":"","meta":[],"_links":{"self":[{"href":"https:\/\/atelier-filmfest.com\/archives\/wp-json\/wp\/v2\/pages\/4422"}],"collection":[{"href":"https:\/\/atelier-filmfest.com\/archives\/wp-json\/wp\/v2\/pages"}],"about":[{"href":"https:\/\/atelier-filmfest.com\/archives\/wp-json\/wp\/v2\/types\/page"}],"author":[{"embeddable":true,"href":"https:\/\/atelier-filmfest.com\/archives\/wp-json\/wp\/v2\/users\/6"}],"replies":[{"embeddable":true,"href":"https:\/\/atelier-filmfest.com\/archives\/wp-json\/wp\/v2\/comments?post=4422"}],"version-history":[{"count":1,"href":"https:\/\/atelier-filmfest.com\/archives\/wp-json\/wp\/v2\/pages\/4422\/revisions"}],"predecessor-version":[{"id":6102,"href":"https:\/\/atelier-filmfest.com\/archives\/wp-json\/wp\/v2\/pages\/4422\/revisions\/6102"}],"wp:attachment":[{"href":"https:\/\/atelier-filmfest.com\/archives\/wp-json\/wp\/v2\/media?parent=4422"}],"curies":[{"name":"wp","href":"https:\/\/api.w.org\/{rel}","templated":true}]}}

<p>&nbsp;</p>
<p><strong><span style="text-decoration: underline;">L&rsquo;ÉCOLE :</span></strong></p>
<p>ARFIS ECOLE a été crée en 1989 par des professionnels du cinéma, de l’audiovisuel, et des vidéastes. Depuis sa naissance l’école propose un accès à des métiers passionnants, exigeants dans les domaines de l’Image, du Son, du Montage, de l’Assistanat de réalisation, de la Production, du Scripte et aujourd’hui du Digital media.</p>
<p>Le cycle de formation dure trois années post-bac, validé par un Titre Certifié par l’Etat de niveau 2 (niveau 6 Européen), et à hauteur de 180 crédits ECTS.<br />
La Première année est pluridisciplinaire et vise à faire acquérir les bases théoriques et pratiques nécessaire pour évoluer dans ces métiers.<br />
La deuxième année est une période de spécialisation dans l’une des sept filières proposées.<br />
La troisième année est une année d’alternance de stages et de productions internes.<br />
Le cycle se clôt avec le passage devant un Jury de professionnels pour une évaluation des acquis et des compétences.</p>
<p>Située à Villeurbanne, dans l’Est de Lyon, l’école propose 2000 mètres/carrés de locaux dédiés, équipés professionnellement. L’immédiate proximité du Pôle Pixel assure une liaison naturelle entre le monde de la formation et le monde professionnel.</p>
<p>L’équipe pédagogique composée de 45 intervenant(e)s toutes et tous professionnel(le)s reconnues est un atout majeur de l’école. Au delà de la nécessaire maitrise technique, cette équipe va aussi transmettre, tout au long des trois années, une réelle expertise artistique, culturelle, et humaine, qui permettra aux étudiant(e)s une insertion professionnelle solide.</p>
<ul>
<li>En savoir plus : <strong><a href="https://www.arfis.com/" target="_blank" rel="noopener noreferrer">Site Internet ARFIS</a></strong></li>
</ul>
<p>&nbsp;</p>
<p><strong><span style="text-decoration: underline;">L&rsquo;ATELIER :</span></strong></p>
<p>L’Atelier que l’école propose pour le Festival de Clermont Ferrand va permettre de montrer au public un mixage professionnel en Dolby Atmos, c’est à dire en utilisant au maximum les capacités d’immersivité qu’offrent aujourd’hui ces technologies.<br />
Il s’agit de combiner les méthodes de mixage traditionnelles (stéréo et 5.1) avec un mixage dynamique dans lequel le mixeur dispose d’un contrôle total sur le placement et le mouvement des sons.</p>
<p>&nbsp;</p>
<p><img decoding="async" loading="lazy" class="aligncenter wp-image-5092" src="http://atelier-filmfest.com/wp-content/uploads/2018/11/logo-normalisé.jpg" alt="" width="570" height="363" srcset="https://atelier-filmfest.com/archives/wp-content/uploads/2018/11/logo-normalisé.jpg 760w, https://atelier-filmfest.com/archives/wp-content/uploads/2018/11/logo-normalisé-300x191.jpg 300w, https://atelier-filmfest.com/archives/wp-content/uploads/2018/11/logo-normalisé-550x350.jpg 550w" sizes="(max-width: 570px) 100vw, 570px" /></p>

<p>&nbsp; L&rsquo;ÉCOLE : ARFIS ECOLE a été crée en 1989 par des professionnels du cinéma, de l’audiovisuel, et des vidéastes. Depuis sa naissance l’école propose un accès à des métiers passionnants, exigeants dans les domaines de l’Image, du Son, du Montage, de l’Assistanat de réalisation, de la Production, du Scripte&#8230;</p>
<p><a class='more-link' href='https://atelier-filmfest.com/archives/arfis/'><span class='screen-reader-text'>ARFIS</span></a></p>
