 
 {"id":4862,"date":"2017-10-27T10:31:30","date_gmt":"2017-10-27T08:31:30","guid":{"rendered":"http:\/\/atelier-filmfest.com\/?page_id=4862"},"modified":"2021-03-24T21:26:58","modified_gmt":"2021-03-24T20:26:58","slug":"home","status":"publish","type":"page","link":"https:\/\/atelier-filmfest.com\/archives\/home\/","title":{"rendered":"welcome1"},"content":{"rendered":"<p class=\"colonne\">Sauve qui peut le court m\u00e9trage l\u2019\u00c9cole Nationale Sup\u00e9rieure d\u2019Architecture de Clermont-Ferrand, l\u2019\u00c9cole Sup\u00e9rieure de Commerce de Clermont-Ferrand et l&rsquo;Arfis de Villeurbanne coordonnent l&rsquo;organisation de la mise en place de l&rsquo;\u00e9cole \u00e9ph\u00e9m\u00e8re de cin\u00e9ma : l&rsquo;Atelier. L\u2019Atelier est le volet p\u00e9dagogique-cr\u00e9atif du festival international du court m\u00e9trage de Clermont-Ferrand. V\u00e9ritable espace collaboratif ouvert au public durant 5 jours, l\u2019Atelier nous projette au c\u0153ur du secret de la fabrique des films.<br \/>\nMettre \u00e0 nu le processus de cr\u00e9ation en mutualisant les savoirs de grandes \u00e9coles de cin\u00e9ma, placer l\u2019\u00e9tudiant au centre de l\u2019\u00e9change avec le public, explorer de nouvelles pratiques, g\u00e9n\u00e9rer des synergies, susciter des envies, telles sont les missions de l\u2019Atelier.<\/p>\n<p class=\"colonne2\"><i>The workshop, which is run by Sauve Qui Peut Le Court M\u00e9trage, the \u00c9cole Nationale Sup\u00e9rieure d\u2019Architecture, the Arfis in Villeurbanne and the \u00c9cole Sup\u00e9rieure de Commerce in Clermont-Ferrand, brings together film schools, design studios and schools specializing in sound and moving image careers. The Atelier is a forum for sharing knowledge and experience, enabling students from different schools to present their creations and skills to visitors, especially schoolchildren. The focus will be on sharing and discovery.<br \/>\nThe Atelier unveils step by step the secrets of filmmaking. It invites visitors to come and see, learn, listen, ask questions and then try for themselves.<\/i><\/p>\n<blockquote class=\"wp-embedded-content\" data-secret=\"YUe8c55crn\"><p><a href=\"http:\/\/atelier-filmfest.com\/on-parle-de-nous-2\/\">ON PARLE DE NOUS !<\/a><\/p><\/blockquote>\n<p><iframe class=\"wp-embedded-content\" sandbox=\"allow-scripts\" security=\"restricted\" style=\"position: absolute; clip: rect(1px, 1px, 1px, 1px);\" src=\"http:\/\/atelier-filmfest.com\/on-parle-de-nous-2\/embed\/#?secret=YUe8c55crn\" data-secret=\"YUe8c55crn\" width=\"500\" height=\"282\" title=\"\u00ab\u00a0ON PARLE DE NOUS !\u00a0\u00bb &#8212; L&#039;Atelier\" frameborder=\"0\" marginwidth=\"0\" marginheight=\"0\" scrolling=\"no\"><\/iframe><\/p>\n<p>&nbsp;<\/p>\n<p>[display-posts posts_per_page=\u00a0\u00bb1&Prime; wrapper=\u00a0\u00bbdiv\u00a0\u00bb include_date=\u00a0\u00bbtrue\u00a0\u00bb include_excerpt=\u00a0\u00bbtrue\u00a0\u00bb]<\/p>\n","protected":false},"excerpt":{"rendered":"<p>Sauve qui peut le court m\u00e9trage l\u2019\u00c9cole Nationale Sup\u00e9rieure d\u2019Architecture de Clermont-Ferrand, l\u2019\u00c9cole Sup\u00e9rieure de Commerce de Clermont-Ferrand et l&rsquo;Arfis de Villeurbanne coordonnent l&rsquo;organisation de la mise en place de l&rsquo;\u00e9cole \u00e9ph\u00e9m\u00e8re de cin\u00e9ma : l&rsquo;Atelier. L\u2019Atelier est le volet p\u00e9dagogique-cr\u00e9atif du festival international du court m\u00e9trage de Clermont-Ferrand. V\u00e9ritable&#8230;<\/p>\n<p><a class='more-link' href='https:\/\/atelier-filmfest.com\/archives\/home\/'><span class='screen-reader-text'>welcome1<\/span><\/a><\/p>","protected":false},"author":6,"featured_media":0,"parent":0,"menu_order":0,"comment_status":"closed","ping_status":"closed","template":"","meta":[],"_links":{"self":[{"href":"https:\/\/atelier-filmfest.com\/archives\/wp-json\/wp\/v2\/pages\/4862"}],"collection":[{"href":"https:\/\/atelier-filmfest.com\/archives\/wp-json\/wp\/v2\/pages"}],"about":[{"href":"https:\/\/atelier-filmfest.com\/archives\/wp-json\/wp\/v2\/types\/page"}],"author":[{"embeddable":true,"href":"https:\/\/atelier-filmfest.com\/archives\/wp-json\/wp\/v2\/users\/6"}],"replies":[{"embeddable":true,"href":"https:\/\/atelier-filmfest.com\/archives\/wp-json\/wp\/v2\/comments?post=4862"}],"version-history":[{"count":1,"href":"https:\/\/atelier-filmfest.com\/archives\/wp-json\/wp\/v2\/pages\/4862\/revisions"}],"predecessor-version":[{"id":6135,"href":"https:\/\/atelier-filmfest.com\/archives\/wp-json\/wp\/v2\/pages\/4862\/revisions\/6135"}],"wp:attachment":[{"href":"https:\/\/atelier-filmfest.com\/archives\/wp-json\/wp\/v2\/media?parent=4862"}],"curies":[{"name":"wp","href":"https:\/\/api.w.org\/{rel}","templated":true}]}}

<p class="colonne">Sauve qui peut le court métrage l’École Nationale Supérieure d’Architecture de Clermont-Ferrand, l’École Supérieure de Commerce de Clermont-Ferrand et l&rsquo;Arfis de Villeurbanne coordonnent l&rsquo;organisation de la mise en place de l&rsquo;école éphémère de cinéma : l&rsquo;Atelier. L’Atelier est le volet pédagogique-créatif du festival international du court métrage de Clermont-Ferrand. Véritable espace collaboratif ouvert au public durant 5 jours, l’Atelier nous projette au cœur du secret de la fabrique des films.<br />
Mettre à nu le processus de création en mutualisant les savoirs de grandes écoles de cinéma, placer l’étudiant au centre de l’échange avec le public, explorer de nouvelles pratiques, générer des synergies, susciter des envies, telles sont les missions de l’Atelier.</p>
<p class="colonne2"><i>The workshop, which is run by Sauve Qui Peut Le Court Métrage, the École Nationale Supérieure d’Architecture, the Arfis in Villeurbanne and the École Supérieure de Commerce in Clermont-Ferrand, brings together film schools, design studios and schools specializing in sound and moving image careers. The Atelier is a forum for sharing knowledge and experience, enabling students from different schools to present their creations and skills to visitors, especially schoolchildren. The focus will be on sharing and discovery.<br />
The Atelier unveils step by step the secrets of filmmaking. It invites visitors to come and see, learn, listen, ask questions and then try for themselves.</i></p>
<blockquote class="wp-embedded-content" data-secret="YUe8c55crn"><p><a href="http://atelier-filmfest.com/on-parle-de-nous-2/">ON PARLE DE NOUS !</a></p></blockquote>
<p><iframe class="wp-embedded-content" sandbox="allow-scripts" security="restricted" style="position: absolute; clip: rect(1px, 1px, 1px, 1px);" src="http://atelier-filmfest.com/on-parle-de-nous-2/embed/#?secret=YUe8c55crn" data-secret="YUe8c55crn" width="500" height="282" title="« ON PARLE DE NOUS ! » &#8212; L&#039;Atelier" frameborder="0" marginwidth="0" marginheight="0" scrolling="no"></iframe></p>
<p>&nbsp;</p>
<p>[display-posts posts_per_page= »1&Prime; wrapper= »div » include_date= »true » include_excerpt= »true »]</p>

<p>Sauve qui peut le court métrage l’École Nationale Supérieure d’Architecture de Clermont-Ferrand, l’École Supérieure de Commerce de Clermont-Ferrand et l&rsquo;Arfis de Villeurbanne coordonnent l&rsquo;organisation de la mise en place de l&rsquo;école éphémère de cinéma : l&rsquo;Atelier. L’Atelier est le volet pédagogique-créatif du festival international du court métrage de Clermont-Ferrand. Véritable&#8230;</p>
<p><a class='more-link' href='https://atelier-filmfest.com/archives/home/'><span class='screen-reader-text'>welcome1</span></a></p>
