 
 {"id":5097,"date":"2018-11-29T14:08:06","date_gmt":"2018-11-29T13:08:06","guid":{"rendered":"http:\/\/atelier-filmfest.com\/?page_id=5097"},"modified":"2021-03-24T21:26:58","modified_gmt":"2021-03-24T20:26:58","slug":"sauve-qui-peut-le-court-metrage","status":"publish","type":"page","link":"https:\/\/atelier-filmfest.com\/archives\/sauve-qui-peut-le-court-metrage\/","title":{"rendered":"Sauve qui peut le court m\u00e9trage"},"content":{"rendered":"<p><img decoding=\"async\" loading=\"lazy\" class=\"aligncenter size-full wp-image-5100\" src=\"http:\/\/atelier-filmfest.com\/wp-content\/uploads\/2018\/11\/Photo-La-Jet\u00e9e.jpg\" alt=\"\" width=\"1024\" height=\"512\" srcset=\"https:\/\/atelier-filmfest.com\/archives\/wp-content\/uploads\/2018\/11\/Photo-La-Jet\u00e9e.jpg 1024w, https:\/\/atelier-filmfest.com\/archives\/wp-content\/uploads\/2018\/11\/Photo-La-Jet\u00e9e-300x150.jpg 300w, https:\/\/atelier-filmfest.com\/archives\/wp-content\/uploads\/2018\/11\/Photo-La-Jet\u00e9e-768x384.jpg 768w, https:\/\/atelier-filmfest.com\/archives\/wp-content\/uploads\/2018\/11\/Photo-La-Jet\u00e9e-700x350.jpg 700w\" sizes=\"(max-width: 1024px) 100vw, 1024px\" \/><\/p>\n<p>&nbsp;<\/p>\n<p><span style=\"text-decoration: underline;\"><strong>LA STRUCTURE :<\/strong><\/span><\/p>\n<p>Sauve qui peut le court m\u00e9trage,\u00a0association organisatrice du festival du court m\u00e9trage de Clermont-Ferrand depuis 41 ans et p\u00f4le d&rsquo;\u00e9ducation \u00e0 l&rsquo;image de la r\u00e9gion Auvergne-Rh\u00f4ne-Alpes propose un atelier autour de la r\u00e9alit\u00e9 virtuelle.<\/p>\n<ul>\n<li>En savoir plus :\u00a0<strong style=\"font-size: 1em;\"><a href=\"https:\/\/clermont-filmfest.org\" target=\"_blank\" rel=\"noopener noreferrer\">https:\/\/clermont-filmfest.org<\/a><\/strong><\/li>\n<\/ul>\n<p>&nbsp;<\/p>\n<p><span style=\"text-decoration: underline;\"><strong>L&rsquo;ATELIER :<\/strong><\/span><\/p>\n<p>Festivals Connexion a collabor\u00e9 avec les festivals d\u2019Annecy, de Clermont-Ferrand et de Roanne pour d\u00e9fendre l\u2019id\u00e9e d\u2019un mat\u00e9riel VR collaboratif pour les festivals r\u00e9gionaux. La r\u00e9gion Auvergne-Rh\u00f4ne-Alpes et la DRAC ont soutenu ce projet, permettant de proposer un parc de casques de r\u00e9alit\u00e9 virtuelle connect\u00e9s en r\u00e9seau pour un meilleur confort d\u2019utilisation, ce gr\u00e2ce \u00e0 l\u2019appui de la soci\u00e9t\u00e9 Hyperfiction.<\/p>\n<p>Ainsi est propos\u00e9 \u00e0 l\u2019Atelier un espace VR pour les scolaires pour d\u00e9couvrir Gymnasia, de F\u00e9lix &amp; Paul studio, un film immersif et interactif.<\/p>\n<p><strong><a href=\"https:\/\/www.felixandpaul.com\/?projects\/gym\/credits\" target=\"_blank\" rel=\"noopener noreferrer\">Gymnasia<\/a><\/strong> est un film de <strong><a href=\"http:\/\/my.clermont-filmfest.com\/index.php?m=106&amp;c=4&amp;o=&amp;id_pers=100253583&amp;o=155\" target=\"_blank\" rel=\"noopener noreferrer\">Chris Lavis<\/a><\/strong> et <strong><a href=\"http:\/\/my.clermont-filmfest.com\/index.php?m=106&amp;c=4&amp;o=155&amp;id_pers=100253584\" target=\"_blank\" rel=\"noopener noreferrer\">Maciek Szczerbowski<\/a><\/strong>, les auteurs des tr\u00e8s remarqu\u00e9s <strong><a href=\"http:\/\/my.clermont-filmfest.com\/index.php?m=106&amp;c=3&amp;id_film=100065365&amp;o=155\" target=\"_blank\" rel=\"noopener noreferrer\">Madame Tutli-Putli<\/a><\/strong> et <strong><a href=\"http:\/\/my.clermont-filmfest.com\/index.php?m=106&amp;c=3&amp;id_film=200014225&amp;o=155\" target=\"_blank\" rel=\"noopener noreferrer\">Higglety Pigglety Pop\u00a0!<\/a><\/strong> films en stop motion s\u00e9lectionn\u00e9s au festival de Clermont-Ferrand en 2008 et 2011, Madame Tutli-Putli ayant aussi obtenu l\u2019Oscar du meilleur film d\u2019animation.<\/p>\n<p>Pour ce film immersif et l\u00e9g\u00e8rement interactif, Chris Lavis et Maciek Szczerbowski\u00a0nous plongent dans l\u2019univers onirique, troublant et d\u2019une grande beaut\u00e9 d\u2019une \u00e9cole abandonn\u00e9e. Ils ont eu la prouesse de faire un film VR avec des marionnettes anim\u00e9es, ce qui est la premi\u00e8re production en stop motion pour une exp\u00e9rience VR. A signaler \u00e9galement la musique de Patrick Watson et le design sonore du studio Headspace Studio qui participent \u00e0 l\u2019ambiance sur\u00e9elle de l\u2019exp\u00e9rience immersive.<\/p>\n<p>Gymnasia sera visible sur des casques Occulus Go pour les scolaires.<\/p>\n<p>&nbsp;<\/p>\n<p><img decoding=\"async\" loading=\"lazy\" class=\"size-full wp-image-5098 alignright\" src=\"http:\/\/atelier-filmfest.com\/wp-content\/uploads\/2018\/11\/logo-acatr.png\" alt=\"\" width=\"297\" height=\"128\" \/><\/p>\n<p><img decoding=\"async\" loading=\"lazy\" class=\"wp-image-5099 alignnone\" src=\"http:\/\/atelier-filmfest.com\/wp-content\/uploads\/2018\/11\/sqplcm_noir-couleur.png\" alt=\"\" width=\"488\" height=\"122\" srcset=\"https:\/\/atelier-filmfest.com\/archives\/wp-content\/uploads\/2018\/11\/sqplcm_noir-couleur.png 800w, https:\/\/atelier-filmfest.com\/archives\/wp-content\/uploads\/2018\/11\/sqplcm_noir-couleur-300x75.png 300w, https:\/\/atelier-filmfest.com\/archives\/wp-content\/uploads\/2018\/11\/sqplcm_noir-couleur-768x192.png 768w, https:\/\/atelier-filmfest.com\/archives\/wp-content\/uploads\/2018\/11\/sqplcm_noir-couleur-700x175.png 700w\" sizes=\"(max-width: 488px) 100vw, 488px\" \/><\/p>\n<p>&nbsp;<\/p>\n<hr \/>\n<p><strong>Photos de l&rsquo;Atelier r\u00e9alit\u00e9 virtuelle de l&rsquo;\u00e9dition 2019<\/strong><\/p>\n<!-- Rendered by FancyBox without labels BEGIN -->\n\n\t<style type=\"text\/css\">\n\t\t\t\t\t#gallery-0 {\n\t\t\t\t\t\tmargin: auto;\n\t\t\t\t\t}\n\t\t\t\t\t#gallery-0 .gallery-item {\n\t\t\t\t\t\tfloat: left;\n\t\t\t\t\t\tmargin-top: 10px;\n\t\t\t\t\t\ttext-align: center;\n\t\t\t\t\t\twidth: 32%;\n\t\t\t\t\t}\n\t\t\t\t\t#gallery-0 img {\n\t\t\t\t\t\tborder: 2px solid #cfcfcf;\n\t\t\t\t\t}\n\t\t\t\t\t#gallery-0 .gallery-caption {\n\t\t\t\t\t\tmargin-left: 0;\n\t\t\t\t\t}\n\t<\/style>\n<script type=\"text\/javascript\">\n$(document).ready(function() {\n\t\/*\n\t *  Simple image gallery. Uses default settings\n\t *\/\n\n\t$(\".fancybox\").fancybox({\n\t\t\"transitionIn\"\t\t: \"none\",\n\t\t\"transitionOut\"\t\t: \"none\",\n\t\t\"titlePosition\" \t: \"over\"\n\n\t});\n});\n<\/script>\n\n\t<div id=\"gallery-0\" class=\"gallery galleryid-0 gallery-size-thumbnail\" style=\"\"><dl class=\"gallery-item\"><dt class=\"gallery-icon\">\n\t\t<a class=\"fancybox\" href=\"https:\/\/atelier-filmfest.com\/archives\/wp-content\/uploads\/2019\/11\/Atelier_VR_casque_S\u00e9bastien_DUCLOCHER-copie-1024x683.jpg\" rel=\"gallery-0\"><img width=\"150\" height=\"150\" class=\"attachment-thumbnail\" alt=\"\" src=\"https:\/\/atelier-filmfest.com\/archives\/wp-content\/uploads\/2019\/11\/Atelier_VR_casque_S\u00e9bastien_DUCLOCHER-copie-150x150.jpg\" \/><\/a><\/dt><\/dl>\n\n<dl class=\"gallery-item\"><dt class=\"gallery-icon\">\n\t\t<a class=\"fancybox\" href=\"https:\/\/atelier-filmfest.com\/archives\/wp-content\/uploads\/2019\/11\/Atelier_VR-1-copie-683x1024.jpg\" rel=\"gallery-0\"><img width=\"150\" height=\"150\" class=\"attachment-thumbnail\" alt=\"\" src=\"https:\/\/atelier-filmfest.com\/archives\/wp-content\/uploads\/2019\/11\/Atelier_VR-1-copie-150x150.jpg\" \/><\/a><\/dt><\/dl>\n\n<dl class=\"gallery-item\"><dt class=\"gallery-icon\">\n\t\t<a class=\"fancybox\" href=\"https:\/\/atelier-filmfest.com\/archives\/wp-content\/uploads\/2019\/11\/Atelier_VR-4-copie-1024x683.jpg\" rel=\"gallery-0\"><img width=\"150\" height=\"150\" class=\"attachment-thumbnail\" alt=\"\" src=\"https:\/\/atelier-filmfest.com\/archives\/wp-content\/uploads\/2019\/11\/Atelier_VR-4-copie-150x150.jpg\" \/><\/a><\/dt><\/dl>\n\n<dl class=\"gallery-item\"><dt class=\"gallery-icon\">\n\t\t<a class=\"fancybox\" href=\"https:\/\/atelier-filmfest.com\/archives\/wp-content\/uploads\/2019\/11\/IMG_4282-1024x630.jpg\" rel=\"gallery-0\"><img width=\"150\" height=\"150\" class=\"attachment-thumbnail\" alt=\"\" src=\"https:\/\/atelier-filmfest.com\/archives\/wp-content\/uploads\/2019\/11\/IMG_4282-150x150.jpg\" \/><\/a><\/dt><\/dl>\n\n<dl class=\"gallery-item\"><dt class=\"gallery-icon\">\n\t\t<a class=\"fancybox\" href=\"https:\/\/atelier-filmfest.com\/archives\/wp-content\/uploads\/2019\/11\/IMG_4285-1024x673.jpg\" rel=\"gallery-0\"><img width=\"150\" height=\"150\" class=\"attachment-thumbnail\" alt=\"\" src=\"https:\/\/atelier-filmfest.com\/archives\/wp-content\/uploads\/2019\/11\/IMG_4285-150x150.jpg\" \/><\/a><\/dt><\/dl>\n\n<\/div><br clear=\"all\" \/><!-- Rendered by FancyBox without labels END -->\n\n","protected":false},"excerpt":{"rendered":"<p>&nbsp; LA STRUCTURE : Sauve qui peut le court m\u00e9trage,\u00a0association organisatrice du festival du court m\u00e9trage de Clermont-Ferrand depuis 41 ans et p\u00f4le d&rsquo;\u00e9ducation \u00e0 l&rsquo;image de la r\u00e9gion Auvergne-Rh\u00f4ne-Alpes propose un atelier autour de la r\u00e9alit\u00e9 virtuelle. En savoir plus :\u00a0https:\/\/clermont-filmfest.org &nbsp; L&rsquo;ATELIER : Festivals Connexion a collabor\u00e9 avec&#8230;<\/p>\n<p><a class='more-link' href='https:\/\/atelier-filmfest.com\/archives\/sauve-qui-peut-le-court-metrage\/'><span class='screen-reader-text'>Sauve qui peut le court m\u00e9trage<\/span><\/a><\/p>","protected":false},"author":6,"featured_media":0,"parent":0,"menu_order":0,"comment_status":"closed","ping_status":"closed","template":"","meta":[],"_links":{"self":[{"href":"https:\/\/atelier-filmfest.com\/archives\/wp-json\/wp\/v2\/pages\/5097"}],"collection":[{"href":"https:\/\/atelier-filmfest.com\/archives\/wp-json\/wp\/v2\/pages"}],"about":[{"href":"https:\/\/atelier-filmfest.com\/archives\/wp-json\/wp\/v2\/types\/page"}],"author":[{"embeddable":true,"href":"https:\/\/atelier-filmfest.com\/archives\/wp-json\/wp\/v2\/users\/6"}],"replies":[{"embeddable":true,"href":"https:\/\/atelier-filmfest.com\/archives\/wp-json\/wp\/v2\/comments?post=5097"}],"version-history":[{"count":1,"href":"https:\/\/atelier-filmfest.com\/archives\/wp-json\/wp\/v2\/pages\/5097\/revisions"}],"predecessor-version":[{"id":6132,"href":"https:\/\/atelier-filmfest.com\/archives\/wp-json\/wp\/v2\/pages\/5097\/revisions\/6132"}],"wp:attachment":[{"href":"https:\/\/atelier-filmfest.com\/archives\/wp-json\/wp\/v2\/media?parent=5097"}],"curies":[{"name":"wp","href":"https:\/\/api.w.org\/{rel}","templated":true}]}}

Sauve qui peut le court métrage

<p><img decoding="async" loading="lazy" class="aligncenter size-full wp-image-5100" src="http://atelier-filmfest.com/wp-content/uploads/2018/11/Photo-La-Jetée.jpg" alt="" width="1024" height="512" srcset="https://atelier-filmfest.com/archives/wp-content/uploads/2018/11/Photo-La-Jetée.jpg 1024w, https://atelier-filmfest.com/archives/wp-content/uploads/2018/11/Photo-La-Jetée-300x150.jpg 300w, https://atelier-filmfest.com/archives/wp-content/uploads/2018/11/Photo-La-Jetée-768x384.jpg 768w, https://atelier-filmfest.com/archives/wp-content/uploads/2018/11/Photo-La-Jetée-700x350.jpg 700w" sizes="(max-width: 1024px) 100vw, 1024px" /></p>
<p>&nbsp;</p>
<p><span style="text-decoration: underline;"><strong>LA STRUCTURE :</strong></span></p>
<p>Sauve qui peut le court métrage, association organisatrice du festival du court métrage de Clermont-Ferrand depuis 41 ans et pôle d&rsquo;éducation à l&rsquo;image de la région Auvergne-Rhône-Alpes propose un atelier autour de la réalité virtuelle.</p>
<ul>
<li>En savoir plus : <strong style="font-size: 1em;"><a href="https://clermont-filmfest.org" target="_blank" rel="noopener noreferrer">https://clermont-filmfest.org</a></strong></li>
</ul>
<p>&nbsp;</p>
<p><span style="text-decoration: underline;"><strong>L&rsquo;ATELIER :</strong></span></p>
<p>Festivals Connexion a collaboré avec les festivals d’Annecy, de Clermont-Ferrand et de Roanne pour défendre l’idée d’un matériel VR collaboratif pour les festivals régionaux. La région Auvergne-Rhône-Alpes et la DRAC ont soutenu ce projet, permettant de proposer un parc de casques de réalité virtuelle connectés en réseau pour un meilleur confort d’utilisation, ce grâce à l’appui de la société Hyperfiction.</p>
<p>Ainsi est proposé à l’Atelier un espace VR pour les scolaires pour découvrir Gymnasia, de Félix &amp; Paul studio, un film immersif et interactif.</p>
<p><strong><a href="https://www.felixandpaul.com/?projects/gym/credits" target="_blank" rel="noopener noreferrer">Gymnasia</a></strong> est un film de <strong><a href="http://my.clermont-filmfest.com/index.php?m=106&amp;c=4&amp;o=&amp;id_pers=100253583&amp;o=155" target="_blank" rel="noopener noreferrer">Chris Lavis</a></strong> et <strong><a href="http://my.clermont-filmfest.com/index.php?m=106&amp;c=4&amp;o=155&amp;id_pers=100253584" target="_blank" rel="noopener noreferrer">Maciek Szczerbowski</a></strong>, les auteurs des très remarqués <strong><a href="http://my.clermont-filmfest.com/index.php?m=106&amp;c=3&amp;id_film=100065365&amp;o=155" target="_blank" rel="noopener noreferrer">Madame Tutli-Putli</a></strong> et <strong><a href="http://my.clermont-filmfest.com/index.php?m=106&amp;c=3&amp;id_film=200014225&amp;o=155" target="_blank" rel="noopener noreferrer">Higglety Pigglety Pop !</a></strong> films en stop motion sélectionnés au festival de Clermont-Ferrand en 2008 et 2011, Madame Tutli-Putli ayant aussi obtenu l’Oscar du meilleur film d’animation.</p>
<p>Pour ce film immersif et légèrement interactif, Chris Lavis et Maciek Szczerbowski nous plongent dans l’univers onirique, troublant et d’une grande beauté d’une école abandonnée. Ils ont eu la prouesse de faire un film VR avec des marionnettes animées, ce qui est la première production en stop motion pour une expérience VR. A signaler également la musique de Patrick Watson et le design sonore du studio Headspace Studio qui participent à l’ambiance suréelle de l’expérience immersive.</p>
<p>Gymnasia sera visible sur des casques Occulus Go pour les scolaires.</p>
<p>&nbsp;</p>
<p><img decoding="async" loading="lazy" class="size-full wp-image-5098 alignright" src="http://atelier-filmfest.com/wp-content/uploads/2018/11/logo-acatr.png" alt="" width="297" height="128" /></p>
<p><img decoding="async" loading="lazy" class="wp-image-5099 alignnone" src="http://atelier-filmfest.com/wp-content/uploads/2018/11/sqplcm_noir-couleur.png" alt="" width="488" height="122" srcset="https://atelier-filmfest.com/archives/wp-content/uploads/2018/11/sqplcm_noir-couleur.png 800w, https://atelier-filmfest.com/archives/wp-content/uploads/2018/11/sqplcm_noir-couleur-300x75.png 300w, https://atelier-filmfest.com/archives/wp-content/uploads/2018/11/sqplcm_noir-couleur-768x192.png 768w, https://atelier-filmfest.com/archives/wp-content/uploads/2018/11/sqplcm_noir-couleur-700x175.png 700w" sizes="(max-width: 488px) 100vw, 488px" /></p>
<p>&nbsp;</p>
<hr />
<p><strong>Photos de l&rsquo;Atelier réalité virtuelle de l&rsquo;édition 2019</strong></p>
<!-- Rendered by FancyBox without labels BEGIN -->

	<style type="text/css">
					#gallery-0 {
						margin: auto;
					}
					#gallery-0 .gallery-item {
						float: left;
						margin-top: 10px;
						text-align: center;
						width: 32%;
					}
					#gallery-0 img {
						border: 2px solid #cfcfcf;
					}
					#gallery-0 .gallery-caption {
						margin-left: 0;
					}
	</style>
<script type="text/javascript">
$(document).ready(function() {
	/*
	 *  Simple image gallery. Uses default settings
	 */

	$(".fancybox").fancybox({
		"transitionIn"		: "none",
		"transitionOut"		: "none",
		"titlePosition" 	: "over"

	});
});
</script>

	<div id="gallery-0" class="gallery galleryid-0 gallery-size-thumbnail" style=""><dl class="gallery-item"><dt class="gallery-icon">
		<a class="fancybox" href="https://atelier-filmfest.com/archives/wp-content/uploads/2019/11/Atelier_VR_casque_Sébastien_DUCLOCHER-copie-1024x683.jpg" rel="gallery-0"><img width="150" height="150" class="attachment-thumbnail" alt="" src="https://atelier-filmfest.com/archives/wp-content/uploads/2019/11/Atelier_VR_casque_Sébastien_DUCLOCHER-copie-150x150.jpg" /></a></dt></dl>

<dl class="gallery-item"><dt class="gallery-icon">
		<a class="fancybox" href="https://atelier-filmfest.com/archives/wp-content/uploads/2019/11/Atelier_VR-1-copie-683x1024.jpg" rel="gallery-0"><img width="150" height="150" class="attachment-thumbnail" alt="" src="https://atelier-filmfest.com/archives/wp-content/uploads/2019/11/Atelier_VR-1-copie-150x150.jpg" /></a></dt></dl>

<dl class="gallery-item"><dt class="gallery-icon">
		<a class="fancybox" href="https://atelier-filmfest.com/archives/wp-content/uploads/2019/11/Atelier_VR-4-copie-1024x683.jpg" rel="gallery-0"><img width="150" height="150" class="attachment-thumbnail" alt="" src="https://atelier-filmfest.com/archives/wp-content/uploads/2019/11/Atelier_VR-4-copie-150x150.jpg" /></a></dt></dl>

<dl class="gallery-item"><dt class="gallery-icon">
		<a class="fancybox" href="https://atelier-filmfest.com/archives/wp-content/uploads/2019/11/IMG_4282-1024x630.jpg" rel="gallery-0"><img width="150" height="150" class="attachment-thumbnail" alt="" src="https://atelier-filmfest.com/archives/wp-content/uploads/2019/11/IMG_4282-150x150.jpg" /></a></dt></dl>

<dl class="gallery-item"><dt class="gallery-icon">
		<a class="fancybox" href="https://atelier-filmfest.com/archives/wp-content/uploads/2019/11/IMG_4285-1024x673.jpg" rel="gallery-0"><img width="150" height="150" class="attachment-thumbnail" alt="" src="https://atelier-filmfest.com/archives/wp-content/uploads/2019/11/IMG_4285-150x150.jpg" /></a></dt></dl>

</div><br clear="all" /><!-- Rendered by FancyBox without labels END -->

<p>&nbsp; LA STRUCTURE : Sauve qui peut le court métrage, association organisatrice du festival du court métrage de Clermont-Ferrand depuis 41 ans et pôle d&rsquo;éducation à l&rsquo;image de la région Auvergne-Rhône-Alpes propose un atelier autour de la réalité virtuelle. En savoir plus : https://clermont-filmfest.org &nbsp; L&rsquo;ATELIER : Festivals Connexion a collaboré avec&#8230;</p>
<p><a class='more-link' href='https://atelier-filmfest.com/archives/sauve-qui-peut-le-court-metrage/'><span class='screen-reader-text'>Sauve qui peut le court métrage</span></a></p>
