 
 {"id":5385,"date":"2019-09-27T09:50:07","date_gmt":"2019-09-27T07:50:07","guid":{"rendered":"https:\/\/atelier-filmfest.com\/?page_id=5385"},"modified":"2021-03-24T21:26:58","modified_gmt":"2021-03-24T20:26:58","slug":"centre-camille-claudel","status":"publish","type":"page","link":"https:\/\/atelier-filmfest.com\/archives\/centre-camille-claudel\/","title":{"rendered":"Centre Camille-Claudel"},"content":{"rendered":"<p><img decoding=\"async\" loading=\"lazy\" class=\"alignnone wp-image-5386 size-full\" src=\"https:\/\/atelier-filmfest.com\/archives\/wp-content\/uploads\/2019\/09\/centre-camille-claudel.png\" alt=\"\" width=\"854\" height=\"853\" srcset=\"https:\/\/atelier-filmfest.com\/archives\/wp-content\/uploads\/2019\/09\/centre-camille-claudel.png 854w, https:\/\/atelier-filmfest.com\/archives\/wp-content\/uploads\/2019\/09\/centre-camille-claudel-150x150.png 150w, https:\/\/atelier-filmfest.com\/archives\/wp-content\/uploads\/2019\/09\/centre-camille-claudel-300x300.png 300w, https:\/\/atelier-filmfest.com\/archives\/wp-content\/uploads\/2019\/09\/centre-camille-claudel-768x767.png 768w, https:\/\/atelier-filmfest.com\/archives\/wp-content\/uploads\/2019\/09\/centre-camille-claudel-350x350.png 350w\" sizes=\"(max-width: 854px) 100vw, 854px\" \/><\/p>\n<p>Le Centre Camille-Claudel, situ\u00e9 en centre ville, propose des ateliers de pratiques artistiques et culturelles tout public avec une programmation d\u2019expositions et le pr\u00eat d\u2019une salle pour l\u2019organisation de concerts.<\/p>\n<p>Ax\u00e9 sur les arts plastiques, il offre une palette d\u2019activit\u00e9s de cr\u00e9ation et de loisirs ouvertes aux enfants et aux adultes, d\u00e9butants ou confirm\u00e9s.<\/p>\n<ul>\n<li>En savoir plus :\u00a0<strong><a style=\"font-size: 1em;\" href=\"https:\/\/clermont-ferrand.fr\/camille-claudel-centre-d-animation-culturelle\" target=\"_blank\" rel=\"noopener noreferrer\">Site Internet du Centre Camille-Claudel<\/a><\/strong><\/li>\n<\/ul>\n","protected":false},"excerpt":{"rendered":"<p>Le Centre Camille-Claudel, situ\u00e9 en centre ville, propose des ateliers de pratiques artistiques et culturelles tout public avec une programmation d\u2019expositions et le pr\u00eat d\u2019une salle pour l\u2019organisation de concerts. Ax\u00e9 sur les arts plastiques, il offre une palette d\u2019activit\u00e9s de cr\u00e9ation et de loisirs ouvertes aux enfants et aux&#8230;<\/p>\n<p><a class='more-link' href='https:\/\/atelier-filmfest.com\/archives\/centre-camille-claudel\/'><span class='screen-reader-text'>Centre Camille-Claudel<\/span><\/a><\/p>","protected":false},"author":3,"featured_media":0,"parent":0,"menu_order":0,"comment_status":"closed","ping_status":"closed","template":"","meta":[],"_links":{"self":[{"href":"https:\/\/atelier-filmfest.com\/archives\/wp-json\/wp\/v2\/pages\/5385"}],"collection":[{"href":"https:\/\/atelier-filmfest.com\/archives\/wp-json\/wp\/v2\/pages"}],"about":[{"href":"https:\/\/atelier-filmfest.com\/archives\/wp-json\/wp\/v2\/types\/page"}],"author":[{"embeddable":true,"href":"https:\/\/atelier-filmfest.com\/archives\/wp-json\/wp\/v2\/users\/3"}],"replies":[{"embeddable":true,"href":"https:\/\/atelier-filmfest.com\/archives\/wp-json\/wp\/v2\/comments?post=5385"}],"version-history":[{"count":1,"href":"https:\/\/atelier-filmfest.com\/archives\/wp-json\/wp\/v2\/pages\/5385\/revisions"}],"predecessor-version":[{"id":6105,"href":"https:\/\/atelier-filmfest.com\/archives\/wp-json\/wp\/v2\/pages\/5385\/revisions\/6105"}],"wp:attachment":[{"href":"https:\/\/atelier-filmfest.com\/archives\/wp-json\/wp\/v2\/media?parent=5385"}],"curies":[{"name":"wp","href":"https:\/\/api.w.org\/{rel}","templated":true}]}}

<p><img decoding="async" loading="lazy" class="alignnone wp-image-5386 size-full" src="https://atelier-filmfest.com/archives/wp-content/uploads/2019/09/centre-camille-claudel.png" alt="" width="854" height="853" srcset="https://atelier-filmfest.com/archives/wp-content/uploads/2019/09/centre-camille-claudel.png 854w, https://atelier-filmfest.com/archives/wp-content/uploads/2019/09/centre-camille-claudel-150x150.png 150w, https://atelier-filmfest.com/archives/wp-content/uploads/2019/09/centre-camille-claudel-300x300.png 300w, https://atelier-filmfest.com/archives/wp-content/uploads/2019/09/centre-camille-claudel-768x767.png 768w, https://atelier-filmfest.com/archives/wp-content/uploads/2019/09/centre-camille-claudel-350x350.png 350w" sizes="(max-width: 854px) 100vw, 854px" /></p>
<p>Le Centre Camille-Claudel, situé en centre ville, propose des ateliers de pratiques artistiques et culturelles tout public avec une programmation d’expositions et le prêt d’une salle pour l’organisation de concerts.</p>
<p>Axé sur les arts plastiques, il offre une palette d’activités de création et de loisirs ouvertes aux enfants et aux adultes, débutants ou confirmés.</p>
<ul>
<li>En savoir plus : <strong><a style="font-size: 1em;" href="https://clermont-ferrand.fr/camille-claudel-centre-d-animation-culturelle" target="_blank" rel="noopener noreferrer">Site Internet du Centre Camille-Claudel</a></strong></li>
</ul>

<p>Le Centre Camille-Claudel, situé en centre ville, propose des ateliers de pratiques artistiques et culturelles tout public avec une programmation d’expositions et le prêt d’une salle pour l’organisation de concerts. Axé sur les arts plastiques, il offre une palette d’activités de création et de loisirs ouvertes aux enfants et aux&#8230;</p>
<p><a class='more-link' href='https://atelier-filmfest.com/archives/centre-camille-claudel/'><span class='screen-reader-text'>Centre Camille-Claudel</span></a></p>
