 
 {"id":5418,"date":"2019-11-18T11:39:53","date_gmt":"2019-11-18T10:39:53","guid":{"rendered":"https:\/\/atelier-filmfest.com\/?page_id=5418"},"modified":"2021-03-24T21:26:58","modified_gmt":"2021-03-24T20:26:58","slug":"machin-machin","status":"publish","type":"page","link":"https:\/\/atelier-filmfest.com\/archives\/machin-machin\/","title":{"rendered":"Machin Machin"},"content":{"rendered":"<p>MACHIN MACHIN est une association fra\u00eechement install\u00e9e \u00e0 Clermont- Ferrand, compos\u00e9e de 4 jeunes professionnels ayant tous \u00e9tudi\u00e9 et pratiqu\u00e9 ensemble le cin\u00e9ma d\u2019animation \u00e0 Clermont Ferrand : Gabrielle, Louis, No\u00e9mie et Florian. Machin Machin, c\u2019est donc le premier studio \u00e9tablit en Auvergne et sp\u00e9cialis\u00e9 dans les techniques d\u2019animation traditionnelles. Il se d\u00e9veloppe aupr\u00e8s de nombreux partenaires Clermontois qui \u0153uvrent dans le domaine de la culture, associations, boite de production, et institutions diverses. Son domaine d\u2019action est donc tr\u00e8s \u00e9tendu, allant de l\u2019organisation d\u2019atelier \u00e0 la r\u00e9alisation de courts-m\u00e9trages en passant par le spectacle vivant.<\/p>\n<p>&nbsp;<\/p>\n<p><strong><u>L&rsquo;ATELIER\u00a0: Terres \u00c9ph\u00e9m\u00e8res<\/u><\/strong><\/p>\n<p>D\u00e9couvrez un cin\u00e9ma autour du travail de la terre en mouvement, 2 plaques interpos\u00e9es sur lesquels des animateurs se r\u00e9pondent en animant de l\u2019argile et b\u00e2tissent ensemble un court m\u00e9trage.<\/p>\n<p>Les \u00e9l\u00e8ves du <a href=\"https:\/\/atelier-filmfest.com\/dma-lycee-rene-descartes\/\" target=\"_blank\" rel=\"noopener noreferrer\"><strong>DNMADE Cin\u00e9ma d\u2019Animation<\/strong><\/a>, encadr\u00e9s par Machin Machin r\u00e9aliseront une s\u00e9quence anim\u00e9e tout au long de la semaine. A la mani\u00e8re de la peinture anim\u00e9 les \u00e9tudiants pourront exploiter les propri\u00e9t\u00e9s \u00e9ph\u00e9m\u00e8res de la terre pour la mettre en mouvement, durant la nuit l\u2019argile sera amen\u00e9 \u00e0 s\u00e9cher, ainsi la journ\u00e9e suivante ils pourront entamer un nouveau cycle d\u2019animation en commen\u00e7ant par le grattage de la mati\u00e8re s\u00e8che. Les r\u00e9alisations des deux plaques se rejoindront au montage avec un split screen qui nous permettra d\u2019appr\u00e9cier le dialogue qui s\u2019est effectu\u00e9 entre les deux \u00e9quipes d\u2019animateurs, les \u00e9chos, jeux de sym\u00e9trie ou encore la continuit\u00e9 pr\u00e9caire d\u2019une m\u00eame animation.<\/p>\n<p>&nbsp;<\/p>\n<p><img decoding=\"async\" loading=\"lazy\" class=\"wp-image-5654  aligncenter\" src=\"https:\/\/atelier-filmfest.com\/archives\/wp-content\/uploads\/2019\/11\/LOGO-NOIR-sans-fond-avec-typo-1024x1024.png\" alt=\"\" width=\"294\" height=\"294\" srcset=\"https:\/\/atelier-filmfest.com\/archives\/wp-content\/uploads\/2019\/11\/LOGO-NOIR-sans-fond-avec-typo-1024x1024.png 1024w, https:\/\/atelier-filmfest.com\/archives\/wp-content\/uploads\/2019\/11\/LOGO-NOIR-sans-fond-avec-typo-150x150.png 150w, https:\/\/atelier-filmfest.com\/archives\/wp-content\/uploads\/2019\/11\/LOGO-NOIR-sans-fond-avec-typo-300x300.png 300w, https:\/\/atelier-filmfest.com\/archives\/wp-content\/uploads\/2019\/11\/LOGO-NOIR-sans-fond-avec-typo-768x768.png 768w, https:\/\/atelier-filmfest.com\/archives\/wp-content\/uploads\/2019\/11\/LOGO-NOIR-sans-fond-avec-typo-350x350.png 350w\" sizes=\"(max-width: 294px) 100vw, 294px\" \/><\/p>\n<p>&nbsp;<\/p>\n<hr \/>\n<p><strong>Photos de l\u2019Atelier animation court de Babel de l\u2019\u00e9dition 2019<\/strong><\/p>\n<!-- Rendered by FancyBox without labels BEGIN -->\n\n\t<style type=\"text\/css\">\n\t\t\t\t\t#gallery-0 {\n\t\t\t\t\t\tmargin: auto;\n\t\t\t\t\t}\n\t\t\t\t\t#gallery-0 .gallery-item {\n\t\t\t\t\t\tfloat: left;\n\t\t\t\t\t\tmargin-top: 10px;\n\t\t\t\t\t\ttext-align: center;\n\t\t\t\t\t\twidth: 32%;\n\t\t\t\t\t}\n\t\t\t\t\t#gallery-0 img {\n\t\t\t\t\t\tborder: 2px solid #cfcfcf;\n\t\t\t\t\t}\n\t\t\t\t\t#gallery-0 .gallery-caption {\n\t\t\t\t\t\tmargin-left: 0;\n\t\t\t\t\t}\n\t<\/style>\n<script type=\"text\/javascript\">\n$(document).ready(function() {\n\t\/*\n\t *  Simple image gallery. Uses default settings\n\t *\/\n\n\t$(\".fancybox\").fancybox({\n\t\t\"transitionIn\"\t\t: \"none\",\n\t\t\"transitionOut\"\t\t: \"none\",\n\t\t\"titlePosition\" \t: \"over\"\n\n\t});\n});\n<\/script>\n\n\t<div id=\"gallery-0\" class=\"gallery galleryid-0 gallery-size-thumbnail\" style=\"\"><dl class=\"gallery-item\"><dt class=\"gallery-icon\">\n\t\t<a class=\"fancybox\" href=\"https:\/\/atelier-filmfest.com\/archives\/wp-content\/uploads\/2019\/11\/DSC_6130-copie-1024x683.jpg\" rel=\"gallery-0\"><img width=\"150\" height=\"150\" class=\"attachment-thumbnail\" alt=\"\" src=\"https:\/\/atelier-filmfest.com\/archives\/wp-content\/uploads\/2019\/11\/DSC_6130-copie-150x150.jpg\" \/><\/a><\/dt><\/dl>\n\n<dl class=\"gallery-item\"><dt class=\"gallery-icon\">\n\t\t<a class=\"fancybox\" href=\"https:\/\/atelier-filmfest.com\/archives\/wp-content\/uploads\/2019\/11\/DSC_6153-copie-1024x683.jpg\" rel=\"gallery-0\"><img width=\"150\" height=\"150\" class=\"attachment-thumbnail\" alt=\"\" src=\"https:\/\/atelier-filmfest.com\/archives\/wp-content\/uploads\/2019\/11\/DSC_6153-copie-150x150.jpg\" \/><\/a><\/dt><\/dl>\n\n<dl class=\"gallery-item\"><dt class=\"gallery-icon\">\n\t\t<a class=\"fancybox\" href=\"https:\/\/atelier-filmfest.com\/archives\/wp-content\/uploads\/2019\/11\/DSC_3161-683x1024.jpg\" rel=\"gallery-0\"><img width=\"150\" height=\"150\" class=\"attachment-thumbnail\" alt=\"\" src=\"https:\/\/atelier-filmfest.com\/archives\/wp-content\/uploads\/2019\/11\/DSC_3161-150x150.jpg\" \/><\/a><\/dt><\/dl>\n\n<dl class=\"gallery-item\"><dt class=\"gallery-icon\">\n\t\t<a class=\"fancybox\" href=\"https:\/\/atelier-filmfest.com\/archives\/wp-content\/uploads\/2019\/11\/DSC_3174-683x1024.jpg\" rel=\"gallery-0\"><img width=\"150\" height=\"150\" class=\"attachment-thumbnail\" alt=\"\" src=\"https:\/\/atelier-filmfest.com\/archives\/wp-content\/uploads\/2019\/11\/DSC_3174-150x150.jpg\" \/><\/a><\/dt><\/dl>\n\n<dl class=\"gallery-item\"><dt class=\"gallery-icon\">\n\t\t<a class=\"fancybox\" href=\"https:\/\/atelier-filmfest.com\/archives\/wp-content\/uploads\/2019\/11\/DSC_3185-683x1024.jpg\" rel=\"gallery-0\"><img width=\"150\" height=\"150\" class=\"attachment-thumbnail\" alt=\"\" src=\"https:\/\/atelier-filmfest.com\/archives\/wp-content\/uploads\/2019\/11\/DSC_3185-150x150.jpg\" \/><\/a><\/dt><\/dl>\n\n<dl class=\"gallery-item\"><dt class=\"gallery-icon\">\n\t\t<a class=\"fancybox\" href=\"https:\/\/atelier-filmfest.com\/archives\/wp-content\/uploads\/2019\/11\/TOTD5_001_03_X1_0015-1024x683.jpg\" rel=\"gallery-0\"><img width=\"150\" height=\"150\" class=\"attachment-thumbnail\" alt=\"\" src=\"https:\/\/atelier-filmfest.com\/archives\/wp-content\/uploads\/2019\/11\/TOTD5_001_03_X1_0015-150x150.jpg\" \/><\/a><\/dt><\/dl>\n\n<dl class=\"gallery-item\"><dt class=\"gallery-icon\">\n\t\t<a class=\"fancybox\" href=\"https:\/\/atelier-filmfest.com\/archives\/wp-content\/uploads\/2019\/11\/TOTD4_001_02_X1_0023-1024x683.jpg\" rel=\"gallery-0\"><img width=\"150\" height=\"150\" class=\"attachment-thumbnail\" alt=\"\" src=\"https:\/\/atelier-filmfest.com\/archives\/wp-content\/uploads\/2019\/11\/TOTD4_001_02_X1_0023-150x150.jpg\" \/><\/a><\/dt><\/dl>\n\n<dl class=\"gallery-item\"><dt class=\"gallery-icon\">\n\t\t<a class=\"fancybox\" href=\"https:\/\/atelier-filmfest.com\/archives\/wp-content\/uploads\/2019\/11\/IMG_2624-683x1024.jpg\" rel=\"gallery-0\"><img width=\"150\" height=\"150\" class=\"attachment-thumbnail\" alt=\"\" src=\"https:\/\/atelier-filmfest.com\/archives\/wp-content\/uploads\/2019\/11\/IMG_2624-150x150.jpg\" \/><\/a><\/dt><\/dl>\n\n<dl class=\"gallery-item\"><dt class=\"gallery-icon\">\n\t\t<a class=\"fancybox\" href=\"https:\/\/atelier-filmfest.com\/archives\/wp-content\/uploads\/2019\/11\/TOTD5_001_01_X1_0009-1024x683.jpg\" rel=\"gallery-0\"><img width=\"150\" height=\"150\" class=\"attachment-thumbnail\" alt=\"\" src=\"https:\/\/atelier-filmfest.com\/archives\/wp-content\/uploads\/2019\/11\/TOTD5_001_01_X1_0009-150x150.jpg\" \/><\/a><\/dt><\/dl>\n\n<dl class=\"gallery-item\"><dt class=\"gallery-icon\">\n\t\t<a class=\"fancybox\" href=\"https:\/\/atelier-filmfest.com\/archives\/wp-content\/uploads\/2019\/11\/Atelier_DMA-copie-1024x683.jpg\" rel=\"gallery-0\"><img width=\"150\" height=\"150\" class=\"attachment-thumbnail\" alt=\"\" src=\"https:\/\/atelier-filmfest.com\/archives\/wp-content\/uploads\/2019\/11\/Atelier_DMA-copie-150x150.jpg\" \/><\/a><\/dt><\/dl>\n\n<\/div><br clear=\"all\" \/><!-- Rendered by FancyBox without labels END -->\n\n","protected":false},"excerpt":{"rendered":"<p>MACHIN MACHIN est une association fra\u00eechement install\u00e9e \u00e0 Clermont- Ferrand, compos\u00e9e de 4 jeunes professionnels ayant tous \u00e9tudi\u00e9 et pratiqu\u00e9 ensemble le cin\u00e9ma d\u2019animation \u00e0 Clermont Ferrand : Gabrielle, Louis, No\u00e9mie et Florian. Machin Machin, c\u2019est donc le premier studio \u00e9tablit en Auvergne et sp\u00e9cialis\u00e9 dans les techniques d\u2019animation traditionnelles.&#8230;<\/p>\n<p><a class='more-link' href='https:\/\/atelier-filmfest.com\/archives\/machin-machin\/'><span class='screen-reader-text'>Machin Machin<\/span><\/a><\/p>","protected":false},"author":8,"featured_media":0,"parent":0,"menu_order":0,"comment_status":"closed","ping_status":"closed","template":"","meta":[],"_links":{"self":[{"href":"https:\/\/atelier-filmfest.com\/archives\/wp-json\/wp\/v2\/pages\/5418"}],"collection":[{"href":"https:\/\/atelier-filmfest.com\/archives\/wp-json\/wp\/v2\/pages"}],"about":[{"href":"https:\/\/atelier-filmfest.com\/archives\/wp-json\/wp\/v2\/types\/page"}],"author":[{"embeddable":true,"href":"https:\/\/atelier-filmfest.com\/archives\/wp-json\/wp\/v2\/users\/8"}],"replies":[{"embeddable":true,"href":"https:\/\/atelier-filmfest.com\/archives\/wp-json\/wp\/v2\/comments?post=5418"}],"version-history":[{"count":2,"href":"https:\/\/atelier-filmfest.com\/archives\/wp-json\/wp\/v2\/pages\/5418\/revisions"}],"predecessor-version":[{"id":6290,"href":"https:\/\/atelier-filmfest.com\/archives\/wp-json\/wp\/v2\/pages\/5418\/revisions\/6290"}],"wp:attachment":[{"href":"https:\/\/atelier-filmfest.com\/archives\/wp-json\/wp\/v2\/media?parent=5418"}],"curies":[{"name":"wp","href":"https:\/\/api.w.org\/{rel}","templated":true}]}}